CRAN Package Check Results for Package glmdisc

Last updated on 2021-09-26 07:50:08 CEST.

Flavor Version Tinstall Tcheck Ttotal Status Flags
r-devel-linux-x86_64-debian-clang 0.6 41.50 445.60 487.10 NOTE
r-devel-linux-x86_64-debian-gcc 0.6 31.62 313.03 344.65 NOTE
r-devel-linux-x86_64-fedora-clang 0.6 604.00 NOTE
r-devel-linux-x86_64-fedora-gcc 0.6 557.48 NOTE
r-devel-windows-x86_64 0.6 48.00 397.00 445.00 NOTE
r-devel-windows-x86_64-gcc10-UCRT 0.6 NOTE
r-patched-linux-x86_64 0.6 38.34 416.61 454.95 NOTE
r-patched-solaris-x86 0.6 482.90 NOTE
r-release-linux-x86_64 0.6 37.06 419.20 456.26 NOTE
r-release-macos-arm64 0.6 NOTE
r-release-macos-x86_64 0.6 NOTE
r-release-windows-ix86+x86_64 0.6 108.00 567.00 675.00 NOTE
r-oldrel-macos-x86_64 0.6 OK
r-oldrel-windows-ix86+x86_64 0.6 82.00 572.00 654.00 OK

Check Details

Version: 0.6
Check: LazyData
Result: NOTE
     'LazyData' is specified without a 'data' directory
Flavors: r-devel-linux-x86_64-debian-clang, r-devel-linux-x86_64-debian-gcc, r-devel-linux-x86_64-fedora-clang, r-devel-linux-x86_64-fedora-gcc, r-devel-windows-x86_64, r-devel-windows-x86_64-gcc10-UCRT, r-patched-linux-x86_64, r-patched-solaris-x86, r-release-linux-x86_64, r-release-macos-arm64, r-release-macos-x86_64, r-release-windows-ix86+x86_64