CRAN Package Check Results for Package glogis

Last updated on 2021-09-18 22:53:02 CEST.

Flavor Version Tinstall Tcheck Ttotal Status Flags
r-devel-linux-x86_64-debian-clang 1.0-1 2.97 33.56 36.53 OK
r-devel-linux-x86_64-debian-gcc 1.0-1 2.29 26.80 29.09 OK
r-devel-linux-x86_64-fedora-clang 1.0-1 53.75 NOTE
r-devel-linux-x86_64-fedora-gcc 1.0-1 42.11 OK
r-devel-windows-x86_64 1.0-1 5.00 51.00 56.00 OK
r-devel-windows-x86_64-gcc10-UCRT 1.0-1 OK
r-patched-linux-x86_64 1.0-1 3.16 33.03 36.19 OK
r-patched-solaris-x86 1.0-1 63.50 OK
r-release-linux-x86_64 1.0-1 2.71 32.62 35.33 OK
r-release-macos-arm64 1.0-1 OK
r-release-macos-x86_64 1.0-1 OK
r-release-windows-ix86+x86_64 1.0-1 7.00 39.00 46.00 OK
r-oldrel-macos-x86_64 1.0-1 OK
r-oldrel-windows-ix86+x86_64 1.0-1 6.00 42.00 48.00 OK

Check Details

Version: 1.0-1
Check: Rd cross-references
Result: NOTE
    Undeclared package ‘foreach’ in Rd xrefs
Flavor: r-devel-linux-x86_64-fedora-clang