CRAN Package Check Results for Package glow

Last updated on 2021-09-22 13:52:43 CEST.

Flavor Version Tinstall Tcheck Ttotal Status Flags
r-devel-linux-x86_64-debian-clang 0.10.1 36.05 63.57 99.62 OK
r-devel-linux-x86_64-debian-gcc 0.10.1 25.90 48.86 74.76 OK
r-devel-linux-x86_64-fedora-clang 0.10.1 141.25 NOTE
r-devel-linux-x86_64-fedora-gcc 0.10.1 123.18 NOTE
r-devel-windows-x86_64 0.10.1 38.00 76.00 114.00 OK
r-devel-windows-x86_64-gcc10-UCRT 0.10.1 ERROR
r-patched-linux-x86_64 0.10.1 32.02 60.96 92.98 OK
r-patched-solaris-x86 0.10.1 145.90 NOTE
r-release-linux-x86_64 0.10.1 33.13 59.74 92.87 OK
r-release-macos-arm64 0.10.1 NOTE
r-release-macos-x86_64 0.10.1 NOTE
r-release-windows-ix86+x86_64 0.10.1 83.00 101.00 184.00 OK
r-oldrel-macos-x86_64 0.10.1 NOTE
r-oldrel-windows-ix86+x86_64 0.10.1 64.00 100.00 164.00 OK

Check Details

Version: 0.10.1
Check: installed package size
Result: NOTE
     installed size is 11.3Mb
     sub-directories of 1Mb or more:
     doc 2.4Mb
     libs 8.7Mb
Flavors: r-devel-linux-x86_64-fedora-clang, r-release-macos-arm64, r-release-macos-x86_64, r-oldrel-macos-x86_64

Version: 0.10.1
Check: dependencies in R code
Result: NOTE
    Namespace in Imports field not imported from: ‘scales’
     All declared Imports should be used.
Flavors: r-devel-linux-x86_64-fedora-clang, r-devel-linux-x86_64-fedora-gcc, r-patched-solaris-x86, r-release-macos-arm64, r-release-macos-x86_64, r-oldrel-macos-x86_64

Version: 0.10.1
Check: package dependencies
Result: ERROR
    Package required but not available: 'RcppParallel'
    
    Package suggested but not available for checking: 'qs'
    
    See section 'The DESCRIPTION file' in the 'Writing R Extensions'
    manual.
Flavor: r-devel-windows-x86_64-gcc10-UCRT