CRAN Package Check Results for Package glycanr

Last updated on 2021-09-21 04:55:10 CEST.

Flavor Version Tinstall Tcheck Ttotal Status Flags
r-devel-linux-x86_64-debian-clang 0.4.0 6.18 73.71 79.89 OK
r-devel-linux-x86_64-debian-gcc 0.4.0 5.22 54.81 60.03 OK
r-devel-linux-x86_64-fedora-clang 0.4.0 103.97 OK
r-devel-linux-x86_64-fedora-gcc 0.4.0 90.59 OK
r-devel-windows-x86_64 0.4.0 9.00 72.00 81.00 OK
r-devel-windows-x86_64-gcc10-UCRT 0.4.0 ERROR
r-patched-linux-x86_64 0.4.0 6.55 69.68 76.23 OK
r-patched-solaris-x86 0.4.0 136.90 OK
r-release-linux-x86_64 0.4.0 4.24 75.29 79.53 OK
r-release-macos-arm64 0.4.0 OK
r-release-macos-x86_64 0.4.0 OK
r-release-windows-ix86+x86_64 0.4.0 15.00 74.00 89.00 OK
r-oldrel-macos-x86_64 0.4.0 OK
r-oldrel-windows-ix86+x86_64 0.4.0 15.00 70.00 85.00 OK

Check Details

Version: 0.4.0
Check: whether package can be installed
Result: WARN
    Found the following significant warnings:
     WARNING: installation-time patches will not be applied, could not get the patches index
Flavor: r-devel-windows-x86_64-gcc10-UCRT

Version: 0.4.0
Check: PDF version of manual
Result: WARN
    LaTeX errors when creating PDF version.
    This typically indicates Rd problems.
Flavor: r-devel-windows-x86_64-gcc10-UCRT

Version: 0.4.0
Check: PDF version of manual without hyperrefs or index
Result: ERROR
    Re-running with no redirection of stdout/stderr.
Flavor: r-devel-windows-x86_64-gcc10-UCRT