CRAN Package Check Results for Package gmGeostats

Last updated on 2024-07-19 22:56:46 CEST.

Flavor Version Tinstall Tcheck Ttotal Status Flags
r-devel-linux-x86_64-debian-clang 0.11.3 21.47 179.46 200.93 NOTE
r-devel-linux-x86_64-debian-gcc 0.11.3 20.50 129.08 149.58 NOTE
r-devel-linux-x86_64-fedora-clang 0.11.3 253.01 NOTE
r-devel-linux-x86_64-fedora-gcc 0.11.3 254.09 NOTE
r-devel-windows-x86_64 0.11.3 30.00 174.00 204.00 NOTE
r-patched-linux-x86_64 0.11.3 31.39 172.11 203.50 NOTE
r-release-linux-x86_64 0.11.3 24.23 168.28 192.51 NOTE
r-release-macos-arm64 0.11.3 72.00 NOTE
r-release-macos-x86_64 0.11.3 111.00 NOTE
r-release-windows-x86_64 0.11.3 26.00 160.00 186.00 NOTE
r-oldrel-macos-arm64 0.11.3 75.00 OK
r-oldrel-macos-x86_64 0.11.3 154.00 OK
r-oldrel-windows-x86_64 0.11.3 33.00 195.00 228.00 OK

Check Details

Version: 0.11.3
Check: Rd files
Result: NOTE checkRd: (-1) Maf.data.frame.Rd:65: Lost braces 65 | the lag distance to take. \%For other options see code{getEmpVariogramSlice}.} | ^ checkRd: (-1) NGSAustralia.Rd:114: Lost braces; missing escapes or markup? 114 | \item{MRB}{obtained from simplifying the major crustal boundaries of {Korsch2015a, Korsch2015b}} | ^ Flavors: r-devel-linux-x86_64-debian-clang, r-devel-linux-x86_64-debian-gcc, r-devel-linux-x86_64-fedora-clang, r-devel-linux-x86_64-fedora-gcc, r-devel-windows-x86_64, r-patched-linux-x86_64, r-release-linux-x86_64, r-release-macos-arm64, r-release-macos-x86_64, r-release-windows-x86_64

Version: 0.11.3
Check: data for non-ASCII characters
Result: NOTE Note: found 2629 marked UTF-8 strings Flavors: r-devel-linux-x86_64-fedora-clang, r-devel-linux-x86_64-fedora-gcc

Version: 0.11.3
Check: Rd cross-references
Result: NOTE Found the following Rd file(s) with Rd \link{} targets missing package anchors: Maf.data.frame.Rd: cdt, princomp.acomp coloredBiplot.genDiag.Rd: coloredBiplot gsi.EVario2D.Rd: variogram gsi.EVario3D.Rd: variogram Please provide package anchors for all Rd \link{} targets not in the package itself and the base packages. Flavor: r-devel-windows-x86_64