CRAN Package Check Results for Package goldi

Last updated on 2021-09-23 10:53:26 CEST.

Flavor Version Tinstall Tcheck Ttotal Status Flags
r-devel-linux-x86_64-debian-clang 1.0.1 43.26 91.48 134.74 OK
r-devel-linux-x86_64-debian-gcc 1.0.1 32.15 71.92 104.07 OK
r-devel-linux-x86_64-fedora-clang 1.0.1 187.04 OK
r-devel-linux-x86_64-fedora-gcc 1.0.1 165.90 OK
r-devel-windows-x86_64 1.0.1 50.00 81.00 131.00 OK
r-devel-windows-x86_64-gcc10-UCRT 1.0.1 ERROR
r-patched-linux-x86_64 1.0.1 39.12 86.06 125.18 OK
r-patched-solaris-x86 1.0.1 259.70 OK
r-release-linux-x86_64 1.0.1 38.16 87.28 125.44 OK
r-release-macos-arm64 1.0.1 OK
r-release-macos-x86_64 1.0.1 OK
r-release-windows-ix86+x86_64 1.0.1 98.00 102.00 200.00 OK
r-oldrel-macos-x86_64 1.0.1 OK
r-oldrel-windows-ix86+x86_64 1.0.1 75.00 101.00 176.00 OK

Check Details

Version: 1.0.1
Check: package dependencies
Result: ERROR
    Package required but not available: 'tm'
    
    Package suggested but not available for checking: 'RISmed'
    
    See section 'The DESCRIPTION file' in the 'Writing R Extensions'
    manual.
Flavor: r-devel-windows-x86_64-gcc10-UCRT