CRAN Package Check Results for Package goodpractice

Last updated on 2024-04-14 10:55:43 CEST.

Flavor Version Tinstall Tcheck Ttotal Status Flags
r-devel-linux-x86_64-debian-clang 1.0.4 8.08 102.73 110.81 NOTE
r-devel-linux-x86_64-debian-gcc 1.0.4 7.08 79.05 86.13 NOTE
r-devel-linux-x86_64-fedora-clang 1.0.4 146.47 NOTE
r-devel-linux-x86_64-fedora-gcc 1.0.4 175.97 NOTE
r-devel-windows-x86_64 1.0.4 9.00 111.00 120.00 NOTE
r-patched-linux-x86_64 1.0.4 8.62 100.32 108.94 NOTE
r-release-linux-x86_64 1.0.4 8.88 95.63 104.51 OK
r-release-macos-arm64 1.0.4 65.00 OK
r-release-macos-x86_64 1.0.4 93.00 OK
r-release-windows-x86_64 1.0.4 13.00 124.00 137.00 OK
r-oldrel-macos-arm64 1.0.4 65.00 OK
r-oldrel-windows-x86_64 1.0.4 12.00 134.00 146.00 OK

Check Details

Version: 1.0.4
Check: Rd metadata
Result: NOTE Rd files without \alias: ‘goodpractice-package.Rd’ Flavors: r-devel-linux-x86_64-debian-clang, r-devel-linux-x86_64-debian-gcc, r-devel-linux-x86_64-fedora-clang, r-devel-linux-x86_64-fedora-gcc, r-devel-windows-x86_64, r-patched-linux-x86_64