CRAN Package Check Results for Package googleCloudRunner

Last updated on 2021-10-17 22:48:35 CEST.

Flavor Version Tinstall Tcheck Ttotal Status Flags
r-devel-linux-x86_64-debian-clang 0.4.1 6.55 50.41 56.96 NOTE
r-devel-linux-x86_64-debian-gcc 0.4.1 5.77 38.75 44.52 NOTE
r-devel-linux-x86_64-fedora-clang 0.4.1 82.57 NOTE
r-devel-linux-x86_64-fedora-gcc 0.4.1 68.07 NOTE
r-devel-windows-x86_64 0.4.1 13.00 74.00 87.00 NOTE
r-devel-windows-x86_64-gcc10-UCRT 0.4.1 NOTE
r-patched-linux-x86_64 0.4.1 8.01 48.50 56.51 NOTE
r-patched-solaris-x86 0.4.1 95.40 NOTE
r-release-linux-x86_64 0.4.1 7.24 48.30 55.54 NOTE
r-release-macos-arm64 0.4.1 NOTE
r-release-macos-x86_64 0.4.1 NOTE
r-release-windows-ix86+x86_64 0.4.1 12.00 73.00 85.00 NOTE
r-oldrel-macos-x86_64 0.4.1 OK
r-oldrel-windows-ix86+x86_64 0.4.1 15.00 74.00 89.00 OK

Check Details

Version: 0.4.1
Check: LazyData
Result: NOTE
     'LazyData' is specified without a 'data' directory
Flavors: r-devel-linux-x86_64-debian-clang, r-devel-linux-x86_64-debian-gcc, r-devel-linux-x86_64-fedora-clang, r-devel-linux-x86_64-fedora-gcc, r-devel-windows-x86_64, r-devel-windows-x86_64-gcc10-UCRT, r-patched-linux-x86_64, r-patched-solaris-x86, r-release-linux-x86_64, r-release-macos-arm64, r-release-macos-x86_64, r-release-windows-ix86+x86_64

Version: 0.4.1
Check: Rd cross-references
Result: NOTE
    Undeclared packages ‘devtools’, ‘pkgdown’ in Rd xrefs
Flavor: r-devel-linux-x86_64-fedora-clang