CRAN Package Check Results for Package gradeR

Last updated on 2021-08-01 10:51:15 CEST.

Flavor Version Tinstall Tcheck Ttotal Status Flags
r-devel-linux-x86_64-debian-clang 1.0.9 1.88 30.63 32.51 NOTE
r-devel-linux-x86_64-debian-gcc 1.0.9 1.70 24.23 25.93 NOTE
r-devel-linux-x86_64-fedora-clang 1.0.9 49.44 NOTE
r-devel-linux-x86_64-fedora-gcc 1.0.9 39.01 NOTE
r-devel-windows-x86_64 1.0.9 9.00 48.00 57.00 NOTE
r-devel-windows-x86_64-gcc10-UCRT 1.0.9 NOTE
r-patched-linux-x86_64 1.0.9 NOTE
r-patched-solaris-x86 1.0.9 63.20 NOTE
r-release-linux-x86_64 1.0.9 1.65 30.14 31.79 NOTE
r-release-macos-arm64 1.0.9 NOTE
r-release-macos-x86_64 1.0.9 NOTE
r-release-windows-ix86+x86_64 1.0.9 5.00 47.00 52.00 NOTE
r-oldrel-macos-x86_64 1.0.9 OK
r-oldrel-windows-ix86+x86_64 1.0.9 27.00 46.00 73.00 OK

Check Details

Version: 1.0.9
Check: LazyData
Result: NOTE
     'LazyData' is specified without a 'data' directory
Flavors: r-devel-linux-x86_64-debian-clang, r-devel-linux-x86_64-debian-gcc, r-devel-linux-x86_64-fedora-clang, r-devel-linux-x86_64-fedora-gcc, r-devel-windows-x86_64, r-devel-windows-x86_64-gcc10-UCRT, r-patched-linux-x86_64, r-patched-solaris-x86, r-release-linux-x86_64, r-release-macos-arm64, r-release-macos-x86_64, r-release-windows-ix86+x86_64