CRAN Package Check Results for Package graphkernels

Last updated on 2021-09-20 22:55:26 CEST.

Flavor Version Tinstall Tcheck Ttotal Status Flags
r-devel-linux-x86_64-debian-clang 1.6 47.73 67.90 115.63 OK
r-devel-linux-x86_64-debian-gcc 1.6 39.28 54.02 93.30 OK
r-devel-linux-x86_64-fedora-clang 1.6 162.99 NOTE
r-devel-linux-x86_64-fedora-gcc 1.6 154.33 OK
r-devel-windows-x86_64 1.6 42.00 82.00 124.00 OK
r-devel-windows-x86_64-gcc10-UCRT 1.6 ERROR
r-patched-linux-x86_64 1.6 44.16 67.44 111.60 OK
r-patched-solaris-x86 1.6 163.70 OK
r-release-linux-x86_64 1.6 42.65 66.77 109.42 OK
r-release-macos-arm64 1.6 NOTE
r-release-macos-x86_64 1.6 NOTE
r-release-windows-ix86+x86_64 1.6 109.00 125.00 234.00 OK
r-oldrel-macos-x86_64 1.6 NOTE
r-oldrel-windows-ix86+x86_64 1.6 107.00 137.00 244.00 OK

Check Details

Version: 1.6
Check: installed package size
Result: NOTE
     installed size is 9.9Mb
     sub-directories of 1Mb or more:
     libs 9.7Mb
Flavors: r-devel-linux-x86_64-fedora-clang, r-release-macos-arm64, r-release-macos-x86_64, r-oldrel-macos-x86_64

Version: 1.6
Check: whether package can be installed
Result: ERROR
    Installation failed.
Flavor: r-devel-windows-x86_64-gcc10-UCRT