CRAN Package Check Results for Package gren

Last updated on 2021-09-24 22:52:55 CEST.

Flavor Version Tinstall Tcheck Ttotal Status Flags
r-devel-linux-x86_64-debian-clang 0.0.1 49.93 73.80 123.73 OK
r-devel-linux-x86_64-debian-gcc 0.0.1 35.31 57.24 92.55 OK
r-devel-linux-x86_64-fedora-clang 0.0.1 162.98 OK
r-devel-linux-x86_64-fedora-gcc 0.0.1 150.38 OK
r-devel-windows-x86_64 0.0.1 44.00 79.00 123.00 OK
r-devel-windows-x86_64-gcc10-UCRT 0.0.1 OK
r-patched-linux-x86_64 0.0.1 40.65 73.19 113.84 OK
r-patched-solaris-x86 0.0.1 185.60 OK
r-release-linux-x86_64 0.0.1 44.28 72.19 116.47 OK
r-release-macos-arm64 0.0.1 NOTE
r-release-macos-x86_64 0.0.1 OK
r-release-windows-ix86+x86_64 0.0.1 110.00 100.00 210.00 OK
r-oldrel-macos-x86_64 0.0.1 OK
r-oldrel-windows-ix86+x86_64 0.0.1 87.00 101.00 188.00 OK

Check Details

Version: 0.0.1
Check: installed package size
Result: NOTE
     installed size is 5.2Mb
     sub-directories of 1Mb or more:
     libs 4.5Mb
Flavor: r-release-macos-arm64