CRAN Package Check Results for Package greybox

Last updated on 2024-02-22 21:51:41 CET.

Flavor Version Tinstall Tcheck Ttotal Status Flags
r-devel-linux-x86_64-debian-clang 2.0.0 NOTE
r-devel-linux-x86_64-debian-gcc 2.0.0 53.89 121.60 175.49 NOTE
r-devel-linux-x86_64-fedora-clang 2.0.0 291.01 OK
r-devel-linux-x86_64-fedora-gcc 2.0.0 276.65 OK
r-devel-windows-x86_64 2.0.0 50.00 148.00 198.00 NOTE
r-patched-linux-x86_64 2.0.0 47.37 158.43 205.80 OK
r-release-linux-x86_64 2.0.0 41.05 146.18 187.23 OK
r-release-macos-arm64 2.0.0 80.00 NOTE
r-release-macos-x86_64 2.0.0 198.00 NOTE
r-release-windows-x86_64 2.0.0 66.00 179.00 245.00 NOTE
r-oldrel-macos-arm64 2.0.0 83.00 NOTE
r-oldrel-windows-x86_64 2.0.0 67.00 166.00 233.00 NOTE

Check Details

Version: 2.0.0
Check: Rd files
Result: NOTE checkRd: (-1) BCNormal.Rd:60: Lost braces; missing escapes or markup? 60 | f(y) = y^{lambda-1} 1/sqrt(2 pi) exp(-((y^lambda-1)/lambda -mu)^2 / (2 sigma^2)) | ^ checkRd: (-1) cramer.Rd:24: Lost braces in \itemize; \value handles \item{}{} directly checkRd: (-1) cramer.Rd:25: Lost braces in \itemize; \value handles \item{}{} directly checkRd: (-1) cramer.Rd:26: Lost braces in \itemize; \value handles \item{}{} directly checkRd: (-1) cramer.Rd:27: Lost braces in \itemize; \value handles \item{}{} directly checkRd: (-1) mcor.Rd:21: Lost braces in \itemize; \value handles \item{}{} directly checkRd: (-1) mcor.Rd:22: Lost braces in \itemize; \value handles \item{}{} directly checkRd: (-1) mcor.Rd:23: Lost braces in \itemize; \value handles \item{}{} directly checkRd: (-1) mcor.Rd:24: Lost braces in \itemize; \value handles \item{}{} directly checkRd: (-1) mcor.Rd:25: Lost braces in \itemize; \value handles \item{}{} directly checkRd: (-1) rmcb.Rd:38: Lost braces in \itemize; \value handles \item{}{} directly checkRd: (-1) rmcb.Rd:39: Lost braces in \itemize; \value handles \item{}{} directly checkRd: (-1) rmcb.Rd:40: Lost braces in \itemize; \value handles \item{}{} directly checkRd: (-1) rmcb.Rd:41-42: Lost braces in \itemize; \value handles \item{}{} directly checkRd: (-1) rmcb.Rd:43-44: Lost braces in \itemize; \value handles \item{}{} directly checkRd: (-1) rmcb.Rd:45-46: Lost braces in \itemize; \value handles \item{}{} directly checkRd: (-1) rmcb.Rd:47: Lost braces in \itemize; \value handles \item{}{} directly checkRd: (-1) rmcb.Rd:48: Lost braces in \itemize; \value handles \item{}{} directly checkRd: (-1) rmcb.Rd:49: Lost braces in \itemize; \value handles \item{}{} directly checkRd: (-1) rmcb.Rd:50: Lost braces in \itemize; \value handles \item{}{} directly Flavors: r-devel-linux-x86_64-debian-clang, r-devel-linux-x86_64-debian-gcc

Version: 2.0.0
Check: package dependencies
Result: NOTE Package suggested but not available for checking: 'doMC' Flavors: r-devel-windows-x86_64, r-release-windows-x86_64, r-oldrel-windows-x86_64

Version: 2.0.0
Check: installed package size
Result: NOTE installed size is 5.1Mb sub-directories of 1Mb or more: R 1.2Mb doc 2.7Mb Flavors: r-devel-windows-x86_64, r-release-macos-arm64, r-release-macos-x86_64, r-release-windows-x86_64, r-oldrel-macos-arm64, r-oldrel-windows-x86_64