CRAN Package Check Results for Package groupedSurv

Last updated on 2021-07-25 01:50:46 CEST.

Flavor Version Tinstall Tcheck Ttotal Status Flags
r-devel-linux-x86_64-debian-clang 1.0.4.2 108.16 66.18 174.34 OK
r-devel-linux-x86_64-debian-gcc 1.0.4.2 68.36 50.98 119.34 OK
r-devel-linux-x86_64-fedora-clang 1.0.4.2 250.38 NOTE
r-devel-linux-x86_64-fedora-gcc 1.0.4.2 209.56 OK
r-devel-windows-x86_64 1.0.4.2 96.00 75.00 171.00 OK
r-devel-windows-x86_64-gcc10-UCRT 1.0.4.2 OK
r-patched-linux-x86_64 1.0.4.2 79.31 63.34 142.65 OK
r-patched-solaris-x86 1.0.4.2 218.60 OK
r-release-linux-x86_64 1.0.4.2 85.62 62.89 148.51 OK
r-release-macos-arm64 1.0.4.2 ERROR
r-release-macos-x86_64 1.0.4.2 NOTE
r-release-windows-ix86+x86_64 1.0.4.2 242.00 90.00 332.00 OK
r-oldrel-macos-x86_64 1.0.4.2 NOTE
r-oldrel-windows-ix86+x86_64 1.0.4.2 243.00 99.00 342.00 OK

Check Details

Version: 1.0.4.2
Check: installed package size
Result: NOTE
     installed size is 8.7Mb
     sub-directories of 1Mb or more:
     libs 8.3Mb
Flavors: r-devel-linux-x86_64-fedora-clang, r-release-macos-x86_64, r-oldrel-macos-x86_64

Version: 1.0.4.2
Check: package dependencies
Result: ERROR
    Package required but not available: ‘qvalue’
    
    Package suggested but not available for checking: ‘snplist’
    
    See section ‘The DESCRIPTION file’ in the ‘Writing R Extensions’
    manual.
Flavor: r-release-macos-arm64