CRAN Package Check Results for Package growfunctions

Last updated on 2021-09-25 07:49:35 CEST.

Flavor Version Tinstall Tcheck Ttotal Status Flags
r-devel-linux-x86_64-debian-clang 0.15 277.51 127.30 404.81 OK
r-devel-linux-x86_64-debian-gcc 0.15 201.89 93.18 295.07 OK
r-devel-linux-x86_64-fedora-clang 0.15 562.21 NOTE
r-devel-linux-x86_64-fedora-gcc 0.15 525.64 OK
r-devel-windows-x86_64 0.15 242.00 123.00 365.00 OK
r-devel-windows-x86_64-gcc10-UCRT 0.15 OK
r-patched-linux-x86_64 0.15 228.98 118.32 347.30 OK
r-patched-solaris-x86 0.15 471.20 OK
r-release-linux-x86_64 0.15 230.00 117.19 347.19 OK
r-release-macos-arm64 0.15 NOTE
r-release-macos-x86_64 0.15 NOTE
r-release-windows-ix86+x86_64 0.15 620.00 185.00 805.00 OK
r-oldrel-macos-x86_64 0.15 NOTE
r-oldrel-windows-ix86+x86_64 0.15 464.00 181.00 645.00 OK

Check Details

Version: 0.15
Check: installed package size
Result: NOTE
     installed size is 15.9Mb
     sub-directories of 1Mb or more:
     libs 15.5Mb
Flavors: r-devel-linux-x86_64-fedora-clang, r-release-macos-arm64, r-release-macos-x86_64, r-oldrel-macos-x86_64