CRAN Package Check Results for Package gset

Last updated on 2021-12-02 15:52:41 CET.

Flavor Version Tinstall Tcheck Ttotal Status Flags
r-devel-linux-x86_64-debian-clang 1.1.0 17.77 152.39 170.16 NOTE
r-devel-linux-x86_64-debian-gcc 1.1.0 14.67 113.29 127.96 NOTE
r-devel-linux-x86_64-fedora-clang 1.1.0 210.81 NOTE
r-devel-linux-x86_64-fedora-gcc 1.1.0 198.86 NOTE
r-devel-windows-x86_64-new-UL 1.1.0 31.00 193.00 224.00 NOTE
r-devel-windows-x86_64-new-TK 1.1.0 NOTE
r-devel-windows-x86_64-old 1.1.0 28.00 137.00 165.00 NOTE
r-patched-linux-x86_64 1.1.0 16.19 140.76 156.95 NOTE
r-patched-solaris-x86 1.1.0 222.20 NOTE
r-release-linux-x86_64 1.1.0 17.73 140.62 158.35 NOTE
r-release-macos-arm64 1.1.0 NOTE
r-release-macos-x86_64 1.1.0 NOTE
r-release-windows-ix86+x86_64 1.1.0 43.00 177.00 220.00 NOTE
r-oldrel-macos-x86_64 1.1.0 NOTE
r-oldrel-windows-ix86+x86_64 1.1.0 42.00 186.00 228.00 NOTE

Check Details

Version: 1.1.0
Check: R code for possible problems
Result: NOTE
    binding: no visible global function definition for 'rnorm'
    binding: no visible binding for global variable 'var'
    binding: no visible global function definition for 'uniroot'
    equivonly: no visible global function definition for 'rnorm'
    equivonly: no visible binding for global variable 'var'
    equivonly: no visible global function definition for 'uniroot'
    figureE: no visible global function definition for 'rgb'
    figureEF: no visible global function definition for 'rgb'
    nfix : f: no visible global function definition for 'pnorm'
    nfix : f: no visible global function definition for 'qnorm'
    nfix: no visible global function definition for 'uniroot'
    nonbinding: no visible global function definition for 'rnorm'
    nonbinding: no visible binding for global variable 'var'
    nonbinding: no visible global function definition for 'uniroot'
    oc: no visible global function definition for 'rnorm'
    oc: no visible global function definition for 'var'
    Undefined global functions or variables:
     pnorm qnorm rgb rnorm uniroot var
    Consider adding
     importFrom("grDevices", "rgb")
     importFrom("stats", "pnorm", "qnorm", "rnorm", "uniroot", "var")
    to your NAMESPACE file.
Flavors: r-devel-linux-x86_64-debian-clang, r-devel-linux-x86_64-debian-gcc, r-devel-linux-x86_64-fedora-clang, r-devel-linux-x86_64-fedora-gcc, r-devel-windows-x86_64-new-UL, r-devel-windows-x86_64-new-TK, r-devel-windows-x86_64-old, r-patched-linux-x86_64, r-patched-solaris-x86, r-release-linux-x86_64, r-release-macos-arm64, r-release-macos-x86_64, r-release-windows-ix86+x86_64, r-oldrel-macos-x86_64, r-oldrel-windows-ix86+x86_64