CRAN Package Check Results for Package gsisdecoder

Last updated on 2022-10-01 19:50:43 CEST.

Flavor Version Tinstall Tcheck Ttotal Status Flags
r-devel-linux-x86_64-debian-clang 0.0.1 18.77 30.26 49.03 NOTE
r-devel-linux-x86_64-debian-gcc 0.0.1 13.42 23.44 36.86 NOTE
r-devel-linux-x86_64-fedora-clang 0.0.1 78.05 NOTE
r-devel-linux-x86_64-fedora-gcc 0.0.1 79.26 NOTE
r-devel-windows-x86_64 0.0.1 22.00 75.00 97.00 NOTE
r-patched-linux-x86_64 0.0.1 17.05 29.30 46.35 NOTE
r-release-linux-x86_64 0.0.1 15.42 28.84 44.26 NOTE
r-release-macos-arm64 0.0.1 21.00 NOTE
r-release-macos-x86_64 0.0.1 28.00 NOTE
r-release-windows-x86_64 0.0.1 19.00 71.00 90.00 NOTE
r-oldrel-macos-arm64 0.0.1 25.00 NOTE
r-oldrel-macos-x86_64 0.0.1 40.00 NOTE
r-oldrel-windows-ix86+x86_64 0.0.1 45.00 74.00 119.00 NOTE

Check Details

Version: 0.0.1
Check: LazyData
Result: NOTE
     'LazyData' is specified without a 'data' directory
Flavors: r-devel-linux-x86_64-debian-clang, r-devel-linux-x86_64-debian-gcc, r-devel-linux-x86_64-fedora-clang, r-devel-linux-x86_64-fedora-gcc, r-devel-windows-x86_64, r-patched-linux-x86_64, r-release-linux-x86_64, r-release-macos-arm64, r-release-macos-x86_64, r-release-windows-x86_64, r-oldrel-macos-arm64, r-oldrel-macos-x86_64, r-oldrel-windows-ix86+x86_64

Version: 0.0.1
Check: Rd cross-references
Result: NOTE
    Undeclared package ‘nflfastR’ in Rd xrefs
Flavor: r-devel-linux-x86_64-fedora-clang