CRAN Package Check Results for Package gsl

Last updated on 2021-09-25 04:57:37 CEST.

Flavor Version Tinstall Tcheck Ttotal Status Flags
r-devel-linux-x86_64-debian-clang 2.1-7 13.32 63.58 76.90 WARN
r-devel-linux-x86_64-debian-gcc 2.1-7 9.92 47.72 57.64 WARN
r-devel-linux-x86_64-fedora-clang 2.1-7 100.88 OK
r-devel-linux-x86_64-fedora-gcc 2.1-7 89.47 OK
r-devel-windows-x86_64 2.1-7 23.00 66.00 89.00 OK
r-devel-windows-x86_64-gcc10-UCRT 2.1-7 OK
r-patched-linux-x86_64 2.1-7 12.88 61.49 74.37 WARN
r-patched-solaris-x86 2.1-7 109.50 OK
r-release-linux-x86_64 2.1-7 12.03 61.92 73.95 WARN
r-release-macos-arm64 2.1-7 OK
r-release-macos-x86_64 2.1-7 OK
r-release-windows-ix86+x86_64 2.1-7 40.00 78.00 118.00 OK
r-oldrel-macos-x86_64 2.1-7 OK
r-oldrel-windows-ix86+x86_64 2.1-7 2.00 4.00 6.00 ERROR

Check Details

Version: 2.1-7
Check: top-level files
Result: WARN
     Output from running autoreconf:
     configure.ac:58: warning: AC_OUTPUT should be used without arguments.
     configure.ac:58: You should run autoupdate.
Flavors: r-devel-linux-x86_64-debian-clang, r-devel-linux-x86_64-debian-gcc, r-patched-linux-x86_64, r-release-linux-x86_64

Version: 2.1-7
Check: whether package can be installed
Result: ERROR
    Installation failed.
Flavor: r-oldrel-windows-ix86+x86_64