CRAN Package Check Results for Package gsloid

Last updated on 2024-02-22 04:04:52 CET.

Flavor Version Tinstall Tcheck Ttotal Status Flags
r-devel-linux-x86_64-debian-clang 0.2.0 NOTE
r-devel-linux-x86_64-debian-gcc 0.2.0 1.60 23.80 25.40 NOTE
r-devel-linux-x86_64-fedora-clang 0.2.0 41.42 OK
r-devel-linux-x86_64-fedora-gcc 0.2.0 50.07 OK
r-devel-windows-x86_64 0.2.0 3.00 45.00 48.00 OK
r-patched-linux-x86_64 0.2.0 1.82 29.09 30.91 OK
r-release-linux-x86_64 0.2.0 1.68 28.88 30.56 OK
r-release-macos-arm64 0.2.0 24.00 OK
r-release-macos-x86_64 0.2.0 35.00 OK
r-release-windows-x86_64 0.2.0 4.00 46.00 50.00 OK
r-oldrel-macos-arm64 0.2.0 24.00 OK
r-oldrel-windows-x86_64 0.2.0 4.00 50.00 54.00 OK

Check Details

Version: 0.2.0
Check: Rd files
Result: NOTE checkRd: (-1) lisiecki2005.Rd:21: Lost braces in \itemize; meant \describe ? checkRd: (-1) lisiecki2005.Rd:22: Lost braces in \itemize; meant \describe ? checkRd: (-1) lisiecki2005.Rd:23: Lost braces in \itemize; meant \describe ? checkRd: (-1) spratt2016.Rd:21: Lost braces in \itemize; meant \describe ? checkRd: (-1) spratt2016.Rd:22: Lost braces in \itemize; meant \describe ? checkRd: (-1) spratt2016.Rd:23: Lost braces in \itemize; meant \describe ? checkRd: (-1) spratt2016.Rd:24: Lost braces in \itemize; meant \describe ? checkRd: (-1) spratt2016.Rd:25: Lost braces in \itemize; meant \describe ? checkRd: (-1) spratt2016.Rd:26: Lost braces in \itemize; meant \describe ? checkRd: (-1) spratt2016.Rd:27: Lost braces in \itemize; meant \describe ? checkRd: (-1) spratt2016.Rd:28: Lost braces in \itemize; meant \describe ? checkRd: (-1) spratt2016.Rd:29: Lost braces in \itemize; meant \describe ? Flavors: r-devel-linux-x86_64-debian-clang, r-devel-linux-x86_64-debian-gcc