CRAN Package Check Results for Package gtfstools

Last updated on 2021-10-25 01:48:48 CEST.

Flavor Version Tinstall Tcheck Ttotal Status Flags
r-devel-linux-x86_64-debian-clang 0.1.0 3.96 63.37 67.33 NOTE
r-devel-linux-x86_64-debian-gcc 0.1.0 2.67 42.89 45.56 NOTE
r-devel-linux-x86_64-fedora-clang 0.1.0 84.93 NOTE
r-devel-linux-x86_64-fedora-gcc 0.1.0 70.00 NOTE
r-devel-windows-x86_64 0.1.0 6.00 93.00 99.00 NOTE
r-devel-windows-x86_64-gcc10-UCRT 0.1.0 NOTE
r-patched-linux-x86_64 0.1.0 4.19 51.80 55.99 NOTE
r-patched-solaris-x86 0.1.0 96.40 NOTE
r-release-linux-x86_64 0.1.0 3.56 52.59 56.15 NOTE
r-release-macos-arm64 0.1.0 NOTE
r-release-macos-x86_64 0.1.0 NOTE
r-release-windows-ix86+x86_64 0.1.0 6.00 56.00 62.00 NOTE
r-oldrel-macos-x86_64 0.1.0 OK
r-oldrel-windows-ix86+x86_64 0.1.0 8.00 81.00 89.00 OK

Check Details

Version: 0.1.0
Check: LazyData
Result: NOTE
     'LazyData' is specified without a 'data' directory
Flavors: r-devel-linux-x86_64-debian-clang, r-devel-linux-x86_64-debian-gcc, r-devel-linux-x86_64-fedora-clang, r-devel-linux-x86_64-fedora-gcc, r-devel-windows-x86_64, r-devel-windows-x86_64-gcc10-UCRT, r-patched-linux-x86_64, r-patched-solaris-x86, r-release-linux-x86_64, r-release-macos-arm64, r-release-macos-x86_64, r-release-windows-ix86+x86_64