CRAN Package Check Results for Package gwasforest

Last updated on 2021-10-17 04:50:21 CEST.

Flavor Version Tinstall Tcheck Ttotal Status Flags
r-devel-linux-x86_64-debian-clang 1.0.0 2.26 23.36 25.62 NOTE
r-devel-linux-x86_64-debian-gcc 1.0.0 1.89 18.10 19.99 NOTE
r-devel-linux-x86_64-fedora-clang 1.0.0 40.88 NOTE
r-devel-linux-x86_64-fedora-gcc 1.0.0 29.94 NOTE
r-devel-windows-x86_64 1.0.0 5.00 40.00 45.00 NOTE
r-devel-windows-x86_64-gcc10-UCRT 1.0.0 NOTE
r-patched-linux-x86_64 1.0.0 2.58 22.31 24.89 NOTE
r-patched-solaris-x86 1.0.0 47.40 NOTE
r-release-linux-x86_64 1.0.0 2.13 22.28 24.41 NOTE
r-release-macos-arm64 1.0.0 NOTE
r-release-macos-x86_64 1.0.0 NOTE
r-release-windows-ix86+x86_64 1.0.0 17.00 39.00 56.00 NOTE
r-oldrel-macos-x86_64 1.0.0 OK
r-oldrel-windows-ix86+x86_64 1.0.0 6.00 40.00 46.00 OK

Check Details

Version: 1.0.0
Check: LazyData
Result: NOTE
     'LazyData' is specified without a 'data' directory
Flavors: r-devel-linux-x86_64-debian-clang, r-devel-linux-x86_64-debian-gcc, r-devel-linux-x86_64-fedora-clang, r-devel-linux-x86_64-fedora-gcc, r-devel-windows-x86_64, r-devel-windows-x86_64-gcc10-UCRT, r-patched-linux-x86_64, r-patched-solaris-x86, r-release-linux-x86_64, r-release-macos-arm64, r-release-macos-x86_64, r-release-windows-ix86+x86_64