CRAN Package Check Results for Package h2o

Last updated on 2024-02-24 03:52:36 CET.

Flavor Version Tinstall Tcheck Ttotal Status Flags
r-devel-linux-x86_64-debian-clang 3.44.0.3 41.12 204.27 245.39 OK
r-devel-linux-x86_64-debian-gcc 3.44.0.3 28.19 156.33 184.52 OK
r-devel-linux-x86_64-fedora-clang 3.44.0.3 295.15 NOTE
r-devel-linux-x86_64-fedora-gcc 3.44.0.3 309.13 OK
r-devel-windows-x86_64 3.44.0.3 59.00 233.00 292.00 NOTE
r-patched-linux-x86_64 3.44.0.3 41.68 199.82 241.50 OK
r-release-linux-x86_64 3.44.0.3 37.20 204.34 241.54 OK
r-release-macos-arm64 3.44.0.3 120.00 NOTE
r-release-macos-x86_64 3.44.0.3 244.00 NOTE
r-release-windows-x86_64 3.44.0.3 182.00 285.00 467.00 NOTE
r-oldrel-macos-arm64 3.44.0.3 122.00 NOTE
r-oldrel-windows-x86_64 3.44.0.3 85.00 208.00 293.00 NOTE

Check Details

Version: 3.44.0.3
Check: installed package size
Result: NOTE installed size is 267.8Mb sub-directories of 1Mb or more: R 1.5Mb help 1.0Mb java 264.7Mb Flavors: r-devel-linux-x86_64-fedora-clang, r-devel-windows-x86_64, r-release-macos-arm64, r-release-macos-x86_64, r-release-windows-x86_64, r-oldrel-macos-arm64, r-oldrel-windows-x86_64