CRAN Package Check Results for Package hNMF

Last updated on 2021-12-02 15:52:41 CET.

Flavor Version Tinstall Tcheck Ttotal Status Flags
r-devel-linux-x86_64-debian-clang 1.0 8.80 97.95 106.75 NOTE
r-devel-linux-x86_64-debian-gcc 1.0 6.82 74.54 81.36 NOTE
r-devel-linux-x86_64-fedora-clang 1.0 136.45 NOTE
r-devel-linux-x86_64-fedora-gcc 1.0 124.89 NOTE
r-devel-windows-x86_64-new-UL 1.0 20.00 129.00 149.00 NOTE
r-devel-windows-x86_64-new-TK 1.0 NOTE
r-devel-windows-x86_64-old 1.0 18.00 86.00 104.00 NOTE
r-patched-linux-x86_64 1.0 9.78 91.25 101.03 NOTE
r-patched-solaris-x86 1.0 185.90 NOTE
r-release-linux-x86_64 1.0 9.65 91.76 101.41 NOTE
r-release-macos-arm64 1.0 NOTE
r-release-macos-x86_64 1.0 NOTE
r-release-windows-ix86+x86_64 1.0 24.00 118.00 142.00 NOTE
r-oldrel-macos-x86_64 1.0 OK
r-oldrel-windows-ix86+x86_64 1.0 25.00 115.00 140.00 OK

Check Details

Version: 1.0
Check: LazyData
Result: NOTE
     'LazyData' is specified without a 'data' directory
Flavors: r-devel-linux-x86_64-debian-clang, r-devel-linux-x86_64-debian-gcc, r-devel-linux-x86_64-fedora-clang, r-devel-linux-x86_64-fedora-gcc, r-devel-windows-x86_64-new-UL, r-devel-windows-x86_64-new-TK, r-devel-windows-x86_64-old, r-patched-linux-x86_64, r-patched-solaris-x86, r-release-linux-x86_64, r-release-macos-arm64, r-release-macos-x86_64, r-release-windows-ix86+x86_64