CRAN Package Check Results for Package hans

Last updated on 2021-08-05 18:52:55 CEST.

Flavor Version Tinstall Tcheck Ttotal Status Flags
r-devel-linux-x86_64-debian-clang 0.1 17.58 32.61 50.19 OK
r-devel-linux-x86_64-debian-gcc 0.1 10.99 26.62 37.61 OK
r-devel-linux-x86_64-fedora-clang 0.1 76.74 OK
r-devel-linux-x86_64-fedora-gcc 0.1 61.70 OK
r-devel-windows-x86_64 0.1 23.00 62.00 85.00 OK
r-devel-windows-x86_64-gcc10-UCRT 0.1 ERROR
r-patched-linux-x86_64 0.1 14.21 32.55 46.76 OK
r-patched-solaris-x86 0.1 88.50 OK
r-release-linux-x86_64 0.1 13.62 32.63 46.25 OK
r-release-macos-arm64 0.1 OK
r-release-macos-x86_64 0.1 OK
r-release-windows-ix86+x86_64 0.1 43.00 62.00 105.00 OK
r-oldrel-macos-x86_64 0.1 OK
r-oldrel-windows-ix86+x86_64 0.1 35.00 81.00 116.00 OK

Check Details

Version: 0.1
Check: package dependencies
Result: NOTE
    Package suggested but not available for checking: 'testthat'
Flavor: r-devel-windows-x86_64-gcc10-UCRT

Version: 0.1
Check: tests
Result: ERROR
     Running 'testthat.R'
    Running the tests in 'tests/testthat.R' failed.
    Complete output:
     > library(testthat)
     Error in library(testthat) : there is no package called 'testthat'
     Execution halted
Flavor: r-devel-windows-x86_64-gcc10-UCRT