CRAN Package Check Results for Package hash

Last updated on 2021-10-16 16:49:22 CEST.

Flavor Version Tinstall Tcheck Ttotal Status Flags
r-devel-linux-x86_64-debian-clang 2.2.6.1 3.09 30.96 34.05 NOTE
r-devel-linux-x86_64-debian-gcc 2.2.6.1 2.22 24.53 26.75 NOTE
r-devel-linux-x86_64-fedora-clang 2.2.6.1 51.83 NOTE
r-devel-linux-x86_64-fedora-gcc 2.2.6.1 41.60 NOTE
r-devel-windows-x86_64 2.2.6.1 6.00 42.00 48.00 NOTE
r-devel-windows-x86_64-gcc10-UCRT 2.2.6.1 NOTE
r-patched-linux-x86_64 2.2.6.1 3.84 30.06 33.90 NOTE
r-patched-solaris-x86 2.2.6.1 65.10 NOTE
r-release-linux-x86_64 2.2.6.1 3.40 30.47 33.87 NOTE
r-release-macos-arm64 2.2.6.1 NOTE
r-release-macos-x86_64 2.2.6.1 NOTE
r-release-windows-ix86+x86_64 2.2.6.1 9.00 56.00 65.00 NOTE
r-oldrel-macos-x86_64 2.2.6.1 NOTE
r-oldrel-windows-ix86+x86_64 2.2.6.1 9.00 50.00 59.00 NOTE

Check Details

Version: 2.2.6.1
Check: top-level files
Result: NOTE
    File
     LICENSE
    is not mentioned in the DESCRIPTION file.
    Non-standard file/directory found at top level:
     'dev'
Flavors: r-devel-linux-x86_64-debian-clang, r-devel-linux-x86_64-debian-gcc, r-devel-linux-x86_64-fedora-clang, r-devel-linux-x86_64-fedora-gcc, r-patched-linux-x86_64, r-release-linux-x86_64

Version: 2.2.6.1
Check: top-level files
Result: NOTE
    File
     LICENSE
    is not mentioned in the DESCRIPTION file.
Flavors: r-devel-windows-x86_64, r-devel-windows-x86_64-gcc10-UCRT, r-patched-solaris-x86, r-release-macos-arm64, r-release-macos-x86_64, r-release-windows-ix86+x86_64, r-oldrel-macos-x86_64, r-oldrel-windows-ix86+x86_64