CRAN Package Check Results for Package healthyverse

Last updated on 2024-04-21 22:51:30 CEST.

Flavor Version Tinstall Tcheck Ttotal Status Flags
r-devel-linux-x86_64-debian-clang 1.0.4 13.03 93.63 106.66 OK
r-devel-linux-x86_64-debian-gcc 1.0.4 10.52 66.83 77.35 OK
r-devel-linux-x86_64-fedora-clang 1.0.4 136.56 NOTE
r-devel-linux-x86_64-fedora-gcc 1.0.4 135.86 NOTE
r-prerel-macos-arm64 1.0.4 46.00 OK
r-prerel-windows-x86_64 1.0.4 16.00 86.00 102.00 OK
r-patched-linux-x86_64 1.0.4 0.44 2.45 2.89 ERROR
r-release-linux-x86_64 1.0.4 0.44 2.24 2.68 ERROR
r-release-macos-arm64 1.0.4 47.00 OK
r-release-macos-x86_64 1.0.4 89.00 OK
r-release-windows-x86_64 1.0.4 18.00 102.00 120.00 OK
r-oldrel-macos-arm64 1.0.4 52.00 OK
r-oldrel-windows-x86_64 1.0.4 17.00 131.00 148.00 OK

Check Details

Version: 1.0.4
Check: dependencies in R code
Result: NOTE Namespaces in Imports field not imported from: ‘TidyDensity’ ‘healthyR’ ‘healthyR.ai’ ‘healthyR.data’ ‘healthyR.ts’ ‘tidyAML’ All declared Imports should be used. Flavors: r-devel-linux-x86_64-fedora-clang, r-devel-linux-x86_64-fedora-gcc

Version: 1.0.4
Check: package dependencies
Result: ERROR Packages required but not available: 'healthyR.ts', 'healthyR.ai' See section ‘The DESCRIPTION file’ in the ‘Writing R Extensions’ manual. Flavors: r-patched-linux-x86_64, r-release-linux-x86_64