Last updated on 2025-01-14 03:49:26 CET.
Flavor | Version | Tinstall | Tcheck | Ttotal | Status | Flags |
---|---|---|---|---|---|---|
r-devel-linux-x86_64-debian-clang | 1.1.0 | 11.62 | 74.78 | 86.40 | OK | |
r-devel-linux-x86_64-debian-gcc | 1.1.0 | 8.14 | 52.54 | 60.68 | OK | |
r-devel-linux-x86_64-fedora-clang | 1.1.0 | 133.02 | NOTE | |||
r-devel-linux-x86_64-fedora-gcc | 1.1.0 | 136.89 | NOTE | |||
r-devel-windows-x86_64 | 1.1.0 | 14.00 | 88.00 | 102.00 | OK | |
r-patched-linux-x86_64 | 1.1.0 | 10.69 | 69.59 | 80.28 | OK | |
r-release-linux-x86_64 | 1.1.0 | 10.28 | 67.90 | 78.18 | OK | |
r-release-macos-arm64 | 1.1.0 | 35.00 | OK | |||
r-release-macos-x86_64 | 1.1.0 | 89.00 | OK | |||
r-release-windows-x86_64 | 1.1.0 | 12.00 | 86.00 | 98.00 | OK | |
r-oldrel-macos-arm64 | 1.1.0 | 10.00 | ERROR | |||
r-oldrel-macos-x86_64 | 1.1.0 | 101.00 | OK | |||
r-oldrel-windows-x86_64 | 1.1.0 | 16.00 | 103.00 | 119.00 | OK |
Version: 1.1.0
Check: dependencies in R code
Result: NOTE
Namespaces in Imports field not imported from:
‘RandomWalker’ ‘TidyDensity’ ‘healthyR’ ‘healthyR.ai’ ‘healthyR.data’
‘healthyR.ts’ ‘tidyAML’
All declared Imports should be used.
Flavors: r-devel-linux-x86_64-fedora-clang, r-devel-linux-x86_64-fedora-gcc
Version: 1.1.0
Check: package dependencies
Result: ERROR
Package required and available but unsuitable version: ‘healthyR.ai’
See section ‘The DESCRIPTION file’ in the ‘Writing R Extensions’
manual.
Flavor: r-oldrel-macos-arm64