CRAN Package Check Results for Package heatmaply

Last updated on 2021-09-25 01:50:19 CEST.

Flavor Version Tinstall Tcheck Ttotal Status Flags
r-devel-linux-x86_64-debian-clang 1.2.1 8.73 236.80 245.53 NOTE
r-devel-linux-x86_64-debian-gcc 1.2.1 7.30 162.68 169.98 NOTE
r-devel-linux-x86_64-fedora-clang 1.2.1 278.60 NOTE
r-devel-linux-x86_64-fedora-gcc 1.2.1 272.26 NOTE
r-devel-windows-x86_64 1.2.1 12.00 197.00 209.00 NOTE
r-devel-windows-x86_64-gcc10-UCRT 1.2.1 NOTE
r-patched-linux-x86_64 1.2.1 13.78 217.51 231.29 NOTE
r-patched-solaris-x86 1.2.1 310.20 WARN
r-release-linux-x86_64 1.2.1 7.36 217.48 224.84 NOTE
r-release-macos-arm64 1.2.1 NOTE
r-release-macos-x86_64 1.2.1 WARN
r-release-windows-ix86+x86_64 1.2.1 21.00 199.00 220.00 NOTE
r-oldrel-macos-x86_64 1.2.1 WARN
r-oldrel-windows-ix86+x86_64 1.2.1 16.00 201.00 217.00 NOTE

Check Details

Version: 1.2.1
Check: LazyData
Result: NOTE
     'LazyData' is specified without a 'data' directory
Flavors: r-devel-linux-x86_64-debian-clang, r-devel-linux-x86_64-debian-gcc, r-devel-linux-x86_64-fedora-clang, r-devel-linux-x86_64-fedora-gcc, r-devel-windows-x86_64, r-devel-windows-x86_64-gcc10-UCRT, r-patched-linux-x86_64, r-patched-solaris-x86, r-release-linux-x86_64, r-release-macos-arm64, r-release-macos-x86_64, r-release-windows-ix86+x86_64

Version: 1.2.1
Check: installed package size
Result: NOTE
     installed size is 5.2Mb
     sub-directories of 1Mb or more:
     doc 4.8Mb
Flavors: r-devel-linux-x86_64-fedora-clang, r-devel-windows-x86_64, r-patched-solaris-x86, r-release-macos-arm64, r-release-macos-x86_64, r-release-windows-ix86+x86_64, r-oldrel-macos-x86_64, r-oldrel-windows-ix86+x86_64

Version: 1.2.1
Check: re-building of vignette outputs
Result: WARN
    Error(s) in re-building vignettes:
     ...
    --- re-building ‘heatmaply.Rmd’ using rmarkdown
    Warning in engine$weave(file, quiet = quiet, encoding = enc) :
     Pandoc (>= 1.12.3) not available. Falling back to R Markdown v1.
    Loading required package: plotly
    Loading required package: ggplot2
    
    Attaching package: 'plotly'
    
    The following object is masked from 'package:ggplot2':
    
     last_plot
    
    The following object is masked from 'package:stats':
    
     filter
    
    The following object is masked from 'package:graphics':
    
     layout
    
    Loading required package: viridis
    Loading required package: viridisLite
    
    ======================
    Welcome to heatmaply version 1.2.1
    
    Type citation('heatmaply') for how to cite the package.
    Type ?heatmaply for the main documentation.
    
    The github page is: https://github.com/talgalili/heatmaply/
    Please submit your suggestions and bug-reports at: https://github.com/talgalili/heatmaply/issues
    Or contact: <tal.galili@gmail.com>
    ======================
    
    Warning: `guides(<scale> = FALSE)` is deprecated. Please use `guides(<scale> = "none")` instead.
    Warning: `guides(<scale> = FALSE)` is deprecated. Please use `guides(<scale> = "none")` instead.
    Warning: `guides(<scale> = FALSE)` is deprecated. Please use `guides(<scale> = "none")` instead.
    Warning: `guides(<scale> = FALSE)` is deprecated. Please use `guides(<scale> = "none")` instead.
    Quitting from lines 109-111 (heatmaply.Rmd)
    Error: processing vignette 'heatmaply.Rmd' failed with diagnostics:
    invalid 'path' argument
    --- failed re-building ‘heatmaply.Rmd’
    
    SUMMARY: processing the following file failed:
     ‘heatmaply.Rmd’
    
    Error: Vignette re-building failed.
    Execution halted
Flavor: r-patched-solaris-x86

Version: 1.2.1
Check: re-building of vignette outputs
Result: WARN
    Error(s) in re-building vignettes:
    --- re-building ‘heatmaply.Rmd’ using rmarkdown
    Warning in engine$weave(file, quiet = quiet, encoding = enc) :
     Pandoc (>= 1.12.3) not available. Falling back to R Markdown v1.
    Loading required package: plotly
    Loading required package: ggplot2
    
    Attaching package: 'plotly'
    
    The following object is masked from 'package:ggplot2':
    
     last_plot
    
    The following object is masked from 'package:stats':
    
     filter
    
    The following object is masked from 'package:graphics':
    
     layout
    
    Loading required package: viridis
    Loading required package: viridisLite
    
    ======================
    Welcome to heatmaply version 1.2.1
    
    Type citation('heatmaply') for how to cite the package.
    Type ?heatmaply for the main documentation.
    
    The github page is: https://github.com/talgalili/heatmaply/
    Please submit your suggestions and bug-reports at: https://github.com/talgalili/heatmaply/issues
    Or contact: <tal.galili@gmail.com>
    ======================
    
    Quitting from lines 109-111 (heatmaply.Rmd)
    Error: processing vignette 'heatmaply.Rmd' failed with diagnostics:
    invalid 'path' argument
    --- failed re-building ‘heatmaply.Rmd’
    
    SUMMARY: processing the following file failed:
     ‘heatmaply.Rmd’
    
    Error: Vignette re-building failed.
    Execution halted
Flavor: r-release-macos-x86_64

Version: 1.2.1
Check: re-building of vignette outputs
Result: WARN
    Error(s) in re-building vignettes:
    --- re-building ‘heatmaply.Rmd’ using rmarkdown
    Warning in engine$weave(file, quiet = quiet, encoding = enc) :
     Pandoc (>= 1.12.3) and/or pandoc-citeproc not available. Falling back to R Markdown v1.
    Loading required package: plotly
    Loading required package: ggplot2
    
    Attaching package: 'plotly'
    
    The following object is masked from 'package:ggplot2':
    
     last_plot
    
    The following object is masked from 'package:stats':
    
     filter
    
    The following object is masked from 'package:graphics':
    
     layout
    
    Loading required package: viridis
    Loading required package: viridisLite
    
    ======================
    Welcome to heatmaply version 1.2.1
    
    Type citation('heatmaply') for how to cite the package.
    Type ?heatmaply for the main documentation.
    
    The github page is: https://github.com/talgalili/heatmaply/
    Please submit your suggestions and bug-reports at: https://github.com/talgalili/heatmaply/issues
    Or contact: <tal.galili@gmail.com>
    ======================
    
    Quitting from lines 109-111 (heatmaply.Rmd)
    Error: processing vignette 'heatmaply.Rmd' failed with diagnostics:
    invalid 'path' argument
    --- failed re-building ‘heatmaply.Rmd’
    
    SUMMARY: processing the following file failed:
     ‘heatmaply.Rmd’
    
    Error: Vignette re-building failed.
    Execution halted
Flavor: r-oldrel-macos-x86_64