CRAN Package Check Results for Package heddlr

Last updated on 2021-09-23 01:49:39 CEST.

Flavor Version Tinstall Tcheck Ttotal Status Flags
r-devel-linux-x86_64-debian-clang 0.6.0 2.50 32.16 34.66 NOTE
r-devel-linux-x86_64-debian-gcc 0.6.0 1.73 25.28 27.01 NOTE
r-devel-linux-x86_64-fedora-clang 0.6.0 51.92 NOTE
r-devel-linux-x86_64-fedora-gcc 0.6.0 39.32 NOTE
r-devel-windows-x86_64 0.6.0 4.00 36.00 40.00 NOTE
r-devel-windows-x86_64-gcc10-UCRT 0.6.0 ERROR
r-patched-linux-x86_64 0.6.0 2.65 30.41 33.06 NOTE
r-patched-solaris-x86 0.6.0 58.20 NOTE
r-release-linux-x86_64 0.6.0 2.46 31.55 34.01 NOTE
r-release-macos-arm64 0.6.0 NOTE
r-release-macos-x86_64 0.6.0 NOTE
r-release-windows-ix86+x86_64 0.6.0 6.00 38.00 44.00 NOTE
r-oldrel-macos-x86_64 0.6.0 OK
r-oldrel-windows-ix86+x86_64 0.6.0 16.00 39.00 55.00 OK

Check Details

Version: 0.6.0
Check: LazyData
Result: NOTE
     'LazyData' is specified without a 'data' directory
Flavors: r-devel-linux-x86_64-debian-clang, r-devel-linux-x86_64-debian-gcc, r-devel-linux-x86_64-fedora-clang, r-devel-linux-x86_64-fedora-gcc, r-devel-windows-x86_64, r-devel-windows-x86_64-gcc10-UCRT, r-patched-linux-x86_64, r-patched-solaris-x86, r-release-linux-x86_64, r-release-macos-arm64, r-release-macos-x86_64, r-release-windows-ix86+x86_64

Version: 0.6.0
Check: Rd cross-references
Result: NOTE
    Undeclared package ‘tibble’ in Rd xrefs
Flavor: r-devel-linux-x86_64-fedora-clang

Version: 0.6.0
Check: package dependencies
Result: NOTE
    Package suggested but not available for checking: 'roxygen2'
Flavor: r-devel-windows-x86_64-gcc10-UCRT

Version: 0.6.0
Check: PDF version of manual
Result: WARN
    LaTeX errors when creating PDF version.
    This typically indicates Rd problems.
Flavor: r-devel-windows-x86_64-gcc10-UCRT

Version: 0.6.0
Check: PDF version of manual without hyperrefs or index
Result: ERROR
    Re-running with no redirection of stdout/stderr.
Flavor: r-devel-windows-x86_64-gcc10-UCRT