CRAN Package Check Results for Package heiscore

Last updated on 2024-07-13 21:44:41 CEST.

Flavor Version Tinstall Tcheck Ttotal Status Flags
r-devel-linux-x86_64-debian-clang 0.1.1 20.43 52.29 72.72 OK
r-devel-linux-x86_64-debian-gcc 0.1.1 20.64 38.47 59.11 OK
r-devel-linux-x86_64-fedora-clang 0.1.1 105.74 OK
r-devel-linux-x86_64-fedora-gcc 0.1.1 95.83 OK
r-devel-windows-x86_64 0.1.1 24.00 57.00 81.00 OK
r-patched-linux-x86_64 0.1.1 21.90 51.35 73.25 OK
r-release-linux-x86_64 0.1.1 19.29 51.22 70.51 OK
r-release-macos-arm64 0.1.1 41.00 NOTE
r-release-macos-x86_64 0.1.1 79.00 NOTE
r-release-windows-x86_64 0.1.1 24.00 58.00 82.00 OK
r-oldrel-macos-arm64 0.1.1 45.00 NOTE
r-oldrel-macos-x86_64 0.1.1 77.00 NOTE
r-oldrel-windows-x86_64 0.1.1 29.00 65.00 94.00 OK

Check Details

Version: 0.1.1
Check: installed package size
Result: NOTE installed size is 5.5Mb sub-directories of 1Mb or more: R 5.4Mb Flavors: r-release-macos-arm64, r-release-macos-x86_64, r-oldrel-macos-arm64, r-oldrel-macos-x86_64