CRAN Package Check Results for Package heplots

Last updated on 2021-09-23 04:56:26 CEST.

Flavor Version Tinstall Tcheck Ttotal Status Flags
r-devel-linux-x86_64-debian-clang 1.3-8 9.60 143.47 153.07 OK
r-devel-linux-x86_64-debian-gcc 1.3-8 8.20 105.14 113.34 OK
r-devel-linux-x86_64-fedora-clang 1.3-8 184.35 NOTE
r-devel-linux-x86_64-fedora-gcc 1.3-8 171.97 OK
r-devel-windows-x86_64 1.3-8 10.00 135.00 145.00 OK
r-devel-windows-x86_64-gcc10-UCRT 1.3-8 ERROR
r-patched-linux-x86_64 1.3-8 10.68 136.69 147.37 OK
r-patched-solaris-x86 1.3-8 214.20 OK
r-release-linux-x86_64 1.3-8 9.01 138.61 147.62 OK
r-release-macos-arm64 1.3-8 OK
r-release-macos-x86_64 1.3-8 OK
r-release-windows-ix86+x86_64 1.3-8 20.00 134.00 154.00 OK
r-oldrel-macos-x86_64 1.3-8 OK
r-oldrel-windows-ix86+x86_64 1.3-8 16.00 136.00 152.00 OK

Check Details

Version: 1.3-8
Check: Rd cross-references
Result: NOTE
    Undeclared packages ‘Sleuth2’, ‘rrcov’, ‘carData’, ‘qqtest’ in Rd xrefs
Flavor: r-devel-linux-x86_64-fedora-clang

Version: 1.3-8
Check: package dependencies
Result: NOTE
    Package suggested but not available for checking: 'rgl'
Flavor: r-devel-windows-x86_64-gcc10-UCRT

Version: 1.3-8
Check: Rd cross-references
Result: NOTE
    Package unavailable to check Rd xrefs: 'rgl'
Flavor: r-devel-windows-x86_64-gcc10-UCRT

Version: 1.3-8
Check: examples
Result: ERROR
    Running examples in 'heplots-Ex.R' failed
    The error most likely occurred in:
    
    > ### Name: arrow3d
    > ### Title: Draw a 3D Arrow in an RGL Scene
    > ### Aliases: arrow3d
    > ### Keywords: aplot
    >
    > ### ** Examples
    >
    > arrow3d(c(0,0,0), c(2,2,2), barblen=.2, lwd=3, col="black")
    Loading required namespace: rgl
    Failed with error: 'there is no package called 'rgl''
    Error in arrow3d(c(0, 0, 0), c(2, 2, 2), barblen = 0.2, lwd = 3, col = "black") :
     rgl package is required.
    Execution halted
Flavor: r-devel-windows-x86_64-gcc10-UCRT

Version: 1.3-8
Check: PDF version of manual
Result: WARN
    LaTeX errors when creating PDF version.
    This typically indicates Rd problems.
Flavor: r-devel-windows-x86_64-gcc10-UCRT

Version: 1.3-8
Check: PDF version of manual without hyperrefs or index
Result: ERROR
    Re-running with no redirection of stdout/stderr.
Flavor: r-devel-windows-x86_64-gcc10-UCRT