Last updated on 2023-12-08 09:52:14 CET.
Flavor | Version | Tinstall | Tcheck | Ttotal | Status | Flags |
---|---|---|---|---|---|---|
r-devel-linux-x86_64-debian-clang | 0.4.9 | 7.59 | 60.46 | 68.05 | NOTE | |
r-devel-linux-x86_64-debian-gcc | 0.4.9 | 5.61 | 45.21 | 50.82 | NOTE | |
r-devel-linux-x86_64-fedora-clang | 0.4.9 | 84.28 | NOTE | |||
r-devel-linux-x86_64-fedora-gcc | 0.4.9 | 77.91 | NOTE | |||
r-devel-windows-x86_64 | 0.4.9 | 8.00 | 64.00 | 72.00 | NOTE | |
r-patched-linux-x86_64 | 0.4.9 | 7.58 | 56.90 | 64.48 | NOTE | |
r-release-linux-x86_64 | 0.4.9 | 6.12 | 56.35 | 62.47 | NOTE | |
r-release-macos-arm64 | 0.4.9 | 28.00 | NOTE | |||
r-release-macos-x86_64 | 0.4.9 | 43.00 | NOTE | |||
r-release-windows-x86_64 | 0.4.9 | 10.00 | 71.00 | 81.00 | NOTE | |
r-oldrel-macos-arm64 | 0.4.9 | 29.00 | NOTE | |||
r-oldrel-macos-x86_64 | 0.4.9 | 49.00 | NOTE | |||
r-oldrel-windows-x86_64 | 0.4.9 | 10.00 | 76.00 | 86.00 | NOTE |
Version: 0.4.9
Check: LazyData
Result: NOTE
'LazyData' is specified without a 'data' directory
Flavors: r-devel-linux-x86_64-debian-clang, r-devel-linux-x86_64-debian-gcc, r-devel-linux-x86_64-fedora-clang, r-devel-linux-x86_64-fedora-gcc, r-devel-windows-x86_64, r-patched-linux-x86_64, r-release-linux-x86_64, r-release-macos-arm64, r-release-macos-x86_64, r-release-windows-x86_64, r-oldrel-macos-arm64, r-oldrel-macos-x86_64, r-oldrel-windows-x86_64