CRAN Package Check Results for Package hexbin

Last updated on 2021-10-24 19:51:39 CEST.

Flavor Version Tinstall Tcheck Ttotal Status Flags
r-devel-linux-x86_64-debian-clang 1.28.2 9.62 71.94 81.56 OK
r-devel-linux-x86_64-debian-gcc 1.28.2 8.42 53.49 61.91 OK
r-devel-linux-x86_64-fedora-clang 1.28.2 109.07 OK
r-devel-linux-x86_64-fedora-gcc 1.28.2 96.74 OK
r-devel-windows-x86_64 1.28.2 19.00 104.00 123.00 OK
r-devel-windows-x86_64-gcc10-UCRT 1.28.2 OK
r-patched-linux-x86_64 1.28.2 8.97 68.12 77.09 OK
r-patched-solaris-x86 1.28.2 132.90 OK
r-release-linux-x86_64 1.28.2 9.18 68.07 77.25 OK
r-release-macos-arm64 1.28.2 NOTE
r-release-macos-x86_64 1.28.2 OK
r-release-windows-ix86+x86_64 1.28.2 19.00 122.00 141.00 OK
r-oldrel-macos-x86_64 1.28.2 OK
r-oldrel-windows-ix86+x86_64 1.28.2 40.00 132.00 172.00 OK

Check Details

Version: 1.28.2
Check: package dependencies
Result: NOTE
    Package suggested but not available for checking: ‘marray’
Flavor: r-release-macos-arm64