CRAN Package Check Results for Package hextri

Last updated on 2021-12-02 09:55:10 CET.

Flavor Version Tinstall Tcheck Ttotal Status Flags
r-devel-linux-x86_64-debian-clang 0.6 2.68 36.01 38.69 NOTE
r-devel-linux-x86_64-debian-gcc 0.6 2.43 26.89 29.32 NOTE
r-devel-linux-x86_64-fedora-clang 0.6 56.53 OK
r-devel-linux-x86_64-fedora-gcc 0.6 45.28 OK
r-devel-windows-x86_64-new-UL 0.6 8.00 77.00 85.00 NOTE
r-devel-windows-x86_64-new-TK 0.6 OK
r-devel-windows-x86_64-old 0.6 5.00 43.00 48.00 NOTE
r-patched-linux-x86_64 0.6 3.37 30.33 33.70 NOTE
r-patched-solaris-x86 0.6 63.40 OK
r-release-linux-x86_64 0.6 3.10 30.36 33.46 NOTE
r-release-macos-arm64 0.6 OK
r-release-macos-x86_64 0.6 OK
r-release-windows-ix86+x86_64 0.6 7.00 54.00 61.00 NOTE
r-oldrel-macos-x86_64 0.6 OK
r-oldrel-windows-ix86+x86_64 0.6 7.00 54.00 61.00 NOTE

Check Details

Version: 0.6
Check: package vignettes
Result: NOTE
    Package vignette with placeholder title 'Vignette Title':
     'hexbin-classes.Rmd'
Flavors: r-devel-linux-x86_64-debian-clang, r-devel-linux-x86_64-debian-gcc, r-devel-windows-x86_64-new-UL, r-devel-windows-x86_64-old, r-patched-linux-x86_64, r-release-linux-x86_64, r-release-windows-ix86+x86_64, r-oldrel-windows-ix86+x86_64