CRAN Package Check Results for Package hhsmm

Last updated on 2021-09-22 01:48:46 CEST.

Flavor Version Tinstall Tcheck Ttotal Status Flags
r-devel-linux-x86_64-debian-clang 0.1.3 8.11 69.27 77.38 OK
r-devel-linux-x86_64-debian-gcc 0.1.3 6.29 51.76 58.05 OK
r-devel-linux-x86_64-fedora-clang 0.1.3 99.00 OK
r-devel-linux-x86_64-fedora-gcc 0.1.3 88.41 OK
r-devel-windows-x86_64 0.1.3 10.00 74.00 84.00 OK
r-devel-windows-x86_64-gcc10-UCRT 0.1.3 ERROR
r-patched-linux-x86_64 0.1.3 7.42 66.26 73.68 OK
r-patched-solaris-x86 0.1.3 142.60 OK
r-release-linux-x86_64 0.1.3 7.71 68.56 76.27 OK
r-release-macos-arm64 0.1.3 OK
r-release-macos-x86_64 0.1.3 OK
r-release-windows-ix86+x86_64 0.1.3 16.00 114.00 130.00 OK
r-oldrel-macos-x86_64 0.1.2 NOTE
r-oldrel-windows-ix86+x86_64 0.1.2 19.00 144.00 163.00 NOTE

Check Details

Version: 0.1.3
Check: whether package can be installed
Result: ERROR
    Installation failed.
Flavor: r-devel-windows-x86_64-gcc10-UCRT

Version: 0.1.2
Check: installed package size
Result: NOTE
     installed size is 5.5Mb
     sub-directories of 1Mb or more:
     data 5.2Mb
Flavors: r-oldrel-macos-x86_64, r-oldrel-windows-ix86+x86_64