CRAN Package Check Results for Package hipread

Last updated on 2021-09-16 16:50:16 CEST.

Flavor Version Tinstall Tcheck Ttotal Status Flags
r-devel-linux-x86_64-debian-clang 0.2.2 148.46 43.71 192.17 NOTE
r-devel-linux-x86_64-debian-gcc 0.2.2 102.69 32.74 135.43 NOTE
r-devel-linux-x86_64-fedora-clang 0.2.2 284.94 NOTE
r-devel-linux-x86_64-fedora-gcc 0.2.2 255.73 NOTE
r-devel-windows-x86_64 0.2.2 166.00 73.00 239.00 NOTE
r-devel-windows-x86_64-gcc10-UCRT 0.2.2 NOTE
r-patched-linux-x86_64 0.2.2 125.74 40.90 166.64 NOTE
r-patched-solaris-x86 0.2.2 266.00 NOTE
r-release-linux-x86_64 0.2.2 124.22 41.12 165.34 NOTE
r-release-macos-arm64 0.2.2 NOTE
r-release-macos-x86_64 0.2.2 NOTE
r-release-windows-ix86+x86_64 0.2.2 413.00 76.00 489.00 NOTE
r-oldrel-macos-x86_64 0.2.2 NOTE
r-oldrel-windows-ix86+x86_64 0.2.2 306.00 101.00 407.00 OK

Check Details

Version: 0.2.2
Check: LazyData
Result: NOTE
     'LazyData' is specified without a 'data' directory
Flavors: r-devel-linux-x86_64-debian-clang, r-devel-linux-x86_64-debian-gcc, r-devel-linux-x86_64-fedora-clang, r-devel-linux-x86_64-fedora-gcc, r-devel-windows-x86_64, r-devel-windows-x86_64-gcc10-UCRT, r-patched-linux-x86_64, r-patched-solaris-x86, r-release-linux-x86_64, r-release-macos-arm64, r-release-macos-x86_64, r-release-windows-ix86+x86_64

Version: 0.2.2
Check: installed package size
Result: NOTE
     installed size is 5.8Mb
     sub-directories of 1Mb or more:
     libs 5.4Mb
Flavors: r-release-macos-arm64, r-oldrel-macos-x86_64