CRAN Package Check Results for Package hit

Last updated on 2021-08-01 10:51:16 CEST.

Flavor Version Tinstall Tcheck Ttotal Status Flags
r-devel-linux-x86_64-debian-clang 0.4.0 27.22 93.37 120.59 OK
r-devel-linux-x86_64-debian-gcc 0.4.0 19.59 72.03 91.62 OK
r-devel-linux-x86_64-fedora-clang 0.4.0 159.40 NOTE
r-devel-linux-x86_64-fedora-gcc 0.4.0 140.49 NOTE
r-devel-windows-x86_64 0.4.0 25.00 133.00 158.00 OK
r-devel-windows-x86_64-gcc10-UCRT 0.4.0 OK
r-patched-linux-x86_64 0.4.0 OK
r-patched-solaris-x86 0.4.0 189.70 OK
r-release-linux-x86_64 0.4.0 22.72 89.15 111.87 OK
r-release-macos-arm64 0.4.0 OK
r-release-macos-x86_64 0.4.0 OK
r-release-windows-ix86+x86_64 0.4.0 63.00 141.00 204.00 OK
r-oldrel-macos-x86_64 0.4.0 OK
r-oldrel-windows-ix86+x86_64 0.4.0 47.00 186.00 233.00 OK

Check Details

Version: 0.4.0
Check: compiled code
Result: NOTE
    File ‘hit/libs/hit.so’:
     Found no calls to: ‘R_registerRoutines’, ‘R_useDynamicSymbols’
    
    It is good practice to register native routines and to disable symbol
    search.
    
    See ‘Writing portable packages’ in the ‘Writing R Extensions’ manual.
Flavors: r-devel-linux-x86_64-fedora-clang, r-devel-linux-x86_64-fedora-gcc