CRAN Package Check Results for Package hkdatasets

Last updated on 2021-09-28 01:49:25 CEST.

Flavor Version Tinstall Tcheck Ttotal Status Flags
r-devel-linux-x86_64-debian-clang 1.0.0 2.58 27.97 30.55 OK
r-devel-linux-x86_64-debian-gcc 1.0.0 2.12 21.62 23.74 OK
r-devel-linux-x86_64-fedora-clang 1.0.0 47.47 NOTE
r-devel-linux-x86_64-fedora-gcc 1.0.0 35.14 NOTE
r-devel-windows-x86_64 1.0.0 4.00 33.00 37.00 OK
r-devel-windows-x86_64-gcc10-UCRT 1.0.0 NOTE
r-patched-linux-x86_64 1.0.0 2.46 26.91 29.37 OK
r-patched-solaris-x86 1.0.0 50.50 NOTE
r-release-linux-x86_64 1.0.0 2.51 27.00 29.51 OK
r-release-macos-arm64 1.0.0 NOTE
r-release-macos-x86_64 1.0.0 NOTE
r-release-windows-ix86+x86_64 1.0.0 7.00 32.00 39.00 OK
r-oldrel-macos-x86_64 1.0.0 NOTE
r-oldrel-windows-ix86+x86_64 1.0.0 5.00 33.00 38.00 OK

Check Details

Version: 1.0.0
Check: data for non-ASCII characters
Result: NOTE
     Note: found 9638 marked UTF-8 strings
Flavors: r-devel-linux-x86_64-fedora-clang, r-devel-linux-x86_64-fedora-gcc, r-devel-windows-x86_64-gcc10-UCRT, r-patched-solaris-x86, r-release-macos-arm64, r-release-macos-x86_64, r-oldrel-macos-x86_64