CRAN Package Check Results for Package hpackedbubble

Last updated on 2021-10-17 10:49:16 CEST.

Flavor Version Tinstall Tcheck Ttotal Status Flags
r-devel-linux-x86_64-debian-clang 0.1.0 2.26 25.56 27.82 OK
r-devel-linux-x86_64-debian-gcc 0.1.0 1.80 20.85 22.65 OK
r-devel-linux-x86_64-fedora-clang 0.1.0 45.11 OK
r-devel-linux-x86_64-fedora-gcc 0.1.0 33.93 OK
r-devel-windows-x86_64 0.1.0 5.00 45.00 50.00 OK
r-devel-windows-x86_64-gcc10-UCRT 0.1.0 OK
r-patched-linux-x86_64 0.1.0 2.32 25.09 27.41 OK
r-patched-solaris-x86 0.1.0 53.60 OK
r-release-linux-x86_64 0.1.0 1.83 24.97 26.80 OK
r-release-macos-arm64 0.1.0 OK
r-release-macos-x86_64 0.1.0 WARN
r-release-windows-ix86+x86_64 0.1.0 5.00 43.00 48.00 OK
r-oldrel-macos-x86_64 0.1.0 WARN
r-oldrel-windows-ix86+x86_64 0.1.0 6.00 42.00 48.00 OK

Check Details

Version: 0.1.0
Check: re-building of vignette outputs
Result: WARN
    Error(s) in re-building vignettes:
     ...
    --- re-building ‘hpackedbubble.Rmd’ using rmarkdown
    Warning in engine$weave(file, quiet = quiet, encoding = enc) :
     Pandoc (>= 1.12.3) not available. Falling back to R Markdown v1.
    Quitting from lines 35-49 (hpackedbubble.Rmd)
    Error: processing vignette 'hpackedbubble.Rmd' failed with diagnostics:
    invalid 'path' argument
    --- failed re-building ‘hpackedbubble.Rmd’
    
    SUMMARY: processing the following file failed:
     ‘hpackedbubble.Rmd’
    
    Error: Vignette re-building failed.
    Execution halted
Flavor: r-release-macos-x86_64

Version: 0.1.0
Check: re-building of vignette outputs
Result: WARN
    Error(s) in re-building vignettes:
     ...
    --- re-building ‘hpackedbubble.Rmd’ using rmarkdown
    Warning in engine$weave(file, quiet = quiet, encoding = enc) :
     Pandoc (>= 1.12.3) and/or pandoc-citeproc not available. Falling back to R Markdown v1.
    Quitting from lines 35-49 (hpackedbubble.Rmd)
    Error: processing vignette 'hpackedbubble.Rmd' failed with diagnostics:
    cannot open the connection
    --- failed re-building ‘hpackedbubble.Rmd’
    
    SUMMARY: processing the following file failed:
     ‘hpackedbubble.Rmd’
    
    Error: Vignette re-building failed.
    Execution halted
Flavor: r-oldrel-macos-x86_64