CRAN Package Check Results for Package hrt

Last updated on 2021-09-22 01:48:47 CEST.

Flavor Version Tinstall Tcheck Ttotal Status Flags
r-devel-linux-x86_64-debian-clang 1.0.1 53.84 34.73 88.57 OK
r-devel-linux-x86_64-debian-gcc 1.0.1 29.79 27.40 57.19 OK
r-devel-linux-x86_64-fedora-clang 1.0.1 120.38 OK
r-devel-linux-x86_64-fedora-gcc 1.0.1 100.36 OK
r-devel-windows-x86_64 1.0.1 41.00 49.00 90.00 OK
r-devel-windows-x86_64-gcc10-UCRT 1.0.1 ERROR
r-patched-linux-x86_64 1.0.1 42.79 34.65 77.44 OK
r-patched-solaris-x86 1.0.1 101.80 OK
r-release-linux-x86_64 1.0.1 35.19 34.44 69.63 OK
r-release-macos-arm64 1.0.1 NOTE
r-release-macos-x86_64 1.0.1 NOTE
r-release-windows-ix86+x86_64 1.0.1 103.00 63.00 166.00 OK
r-oldrel-macos-x86_64 1.0.1 NOTE
r-oldrel-windows-ix86+x86_64 1.0.1 105.00 80.00 185.00 OK

Check Details

Version: 1.0.1
Check: whether package can be installed
Result: ERROR
    Installation failed.
Flavor: r-devel-windows-x86_64-gcc10-UCRT

Version: 1.0.1
Check: installed package size
Result: NOTE
     installed size is 6.2Mb
     sub-directories of 1Mb or more:
     libs 6.1Mb
Flavors: r-release-macos-arm64, r-release-macos-x86_64, r-oldrel-macos-x86_64