CRAN Package Check Results for Package httr

Last updated on 2021-09-22 22:56:28 CEST.

Flavor Version Tinstall Tcheck Ttotal Status Flags
r-devel-linux-x86_64-debian-clang 1.4.2 7.79 48.94 56.73 OK
r-devel-linux-x86_64-debian-gcc 1.4.2 5.86 38.48 44.34 OK
r-devel-linux-x86_64-fedora-clang 1.4.2 77.09 OK
r-devel-linux-x86_64-fedora-gcc 1.4.2 78.67 OK
r-devel-windows-x86_64 1.4.2 9.00 88.00 97.00 OK
r-devel-windows-x86_64-gcc10-UCRT 1.4.2 ERROR
r-patched-linux-x86_64 1.4.2 9.74 49.54 59.28 OK
r-patched-solaris-x86 1.4.2 86.50 OK
r-release-linux-x86_64 1.4.2 6.96 49.33 56.29 OK
r-release-macos-arm64 1.4.2 OK
r-release-macos-x86_64 1.4.2 OK
r-release-windows-ix86+x86_64 1.4.2 16.00 83.00 99.00 OK
r-oldrel-macos-x86_64 1.4.2 OK
r-oldrel-windows-ix86+x86_64 1.4.2 10.00 84.00 94.00 OK

Check Details

Version: 1.4.2
Check: package dependencies
Result: NOTE
    Packages suggested but not available for checking: 'jpeg', 'png', 'xml2'
Flavor: r-devel-windows-x86_64-gcc10-UCRT

Version: 1.4.2
Check: Rd cross-references
Result: NOTE
    Packages unavailable to check Rd xrefs: 'xml2', 'jpeg', 'png'
Flavor: r-devel-windows-x86_64-gcc10-UCRT

Version: 1.4.2
Check: examples
Result: ERROR
    Running examples in 'httr-Ex.R' failed
    The error most likely occurred in:
    
    > ### Name: VERB
    > ### Title: VERB a url.
    > ### Aliases: VERB
    >
    > ### ** Examples
    >
    > r <- VERB(
    + "PROPFIND", "http://svn.r-project.org/R/tags/",
    + add_headers(depth = 1), verbose()
    + )
    -> PROPFIND /R/tags/ HTTP/1.1
    -> Host: svn.r-project.org
    -> User-Agent: libcurl/7.64.1 r-curl/4.3.2 httr/1.4.2
    -> Accept-Encoding: deflate, gzip
    -> Accept: application/json, text/xml, application/xml, */*
    -> depth: 1
    -> Content-Length: 0
    ->
    <- HTTP/1.1 207 Multi-Status
    <- Date: Tue, 21 Sep 2021 21:42:26 GMT
    <- Server: Apache/2.4.37 (centos) OpenSSL/1.1.1g SVN/1.10.2
    <- Transfer-Encoding: chunked
    <- Content-Type: text/xml; charset="utf-8"
    <-
    > stop_for_status(r)
    > content(r)
    Error: Please install xml2 package
    Execution halted
Flavor: r-devel-windows-x86_64-gcc10-UCRT

Version: 1.4.2
Check: PDF version of manual
Result: WARN
    LaTeX errors when creating PDF version.
    This typically indicates Rd problems.
Flavor: r-devel-windows-x86_64-gcc10-UCRT

Version: 1.4.2
Check: PDF version of manual without hyperrefs or index
Result: ERROR
    Re-running with no redirection of stdout/stderr.
Flavor: r-devel-windows-x86_64-gcc10-UCRT