Last updated on 2023-12-03 09:54:04 CET.
Flavor | Version | Tinstall | Tcheck | Ttotal | Status | Flags |
---|---|---|---|---|---|---|
r-devel-linux-x86_64-debian-clang | 0.2.4 | 8.90 | 128.49 | 137.39 | OK | |
r-devel-linux-x86_64-debian-gcc | 0.2.4 | 6.13 | 98.23 | 104.36 | OK | |
r-devel-linux-x86_64-fedora-clang | 0.2.4 | 180.94 | OK | |||
r-devel-linux-x86_64-fedora-gcc | 0.2.4 | 185.66 | OK | |||
r-devel-windows-x86_64 | 0.2.4 | 8.00 | 123.00 | 131.00 | OK | |
r-patched-linux-x86_64 | 0.2.4 | 5.96 | 118.70 | 124.66 | OK | |
r-release-linux-x86_64 | 0.2.4 | 5.40 | 115.01 | 120.41 | OK | |
r-release-macos-arm64 | 0.2.4 | 76.00 | OK | |||
r-release-macos-x86_64 | 0.2.4 | 129.00 | OK | |||
r-release-windows-x86_64 | 0.2.4 | 11.00 | 155.00 | 166.00 | ERROR | |
r-oldrel-macos-arm64 | 0.2.4 | 74.00 | OK | |||
r-oldrel-macos-x86_64 | 0.2.3 | 75.00 | OK | |||
r-oldrel-windows-x86_64 | 0.2.4 | 12.00 | 147.00 | 159.00 | OK |
Version: 0.2.4
Check: re-building of vignette outputs
Result: ERROR
Error(s) in re-building vignettes:
--- re-building 'germinar.Rmd' using rmarkdown
--- finished re-building 'germinar.Rmd'
--- re-building 'huito.Rmd' using rmarkdown
--- finished re-building 'huito.Rmd'
--- re-building 'labels.Rmd' using rmarkdown
--- finished re-building 'labels.Rmd'
--- re-building 'stickers.Rmd' using rmarkdown
Quitting from lines 68-70 [unnamed-chunk-2] (stickers.Rmd)
Error: processing vignette 'stickers.Rmd' failed with diagnostics:
Timeout was reached: [huito.inkaverse.com] SSL/TLS connection timeout
--- failed re-building 'stickers.Rmd'
SUMMARY: processing the following file failed:
'stickers.Rmd'
Error: Vignette re-building failed.
Execution halted
Flavor: r-release-windows-x86_64