CRAN Package Check Results for Package hyperSpec

Last updated on 2021-09-27 04:54:59 CEST.

Flavor Version Tinstall Tcheck Ttotal Status Flags
r-devel-linux-x86_64-debian-clang 0.100.0 17.19 310.17 327.36 OK
r-devel-linux-x86_64-debian-gcc 0.100.0 13.70 236.20 249.90 OK
r-devel-linux-x86_64-fedora-clang 0.100.0 397.06 OK
r-devel-linux-x86_64-fedora-gcc 0.100.0 376.43 OK
r-devel-windows-x86_64 0.100.0 20.00 244.00 264.00 OK
r-devel-windows-x86_64-gcc10-UCRT 0.100.0 OK
r-patched-linux-x86_64 0.100.0 19.25 306.22 325.47 OK
r-patched-solaris-x86 0.100.0 490.30 NOTE
r-release-linux-x86_64 0.100.0 15.15 304.00 319.15 OK
r-release-macos-arm64 0.100.0 OK
r-release-macos-x86_64 0.100.0 OK
r-release-windows-ix86+x86_64 0.100.0 29.00 302.00 331.00 OK
r-oldrel-macos-x86_64 0.100.0 OK
r-oldrel-windows-ix86+x86_64 0.100.0 21.00 271.00 292.00 OK

Check Details

Version: 0.100.0
Check: installed package size
Result: NOTE
     installed size is 5.0Mb
     sub-directories of 1Mb or more:
     doc 3.4Mb
Flavor: r-patched-solaris-x86