CRAN Package Check Results for Package iCARH

Last updated on 2021-10-25 16:49:11 CEST.

Flavor Version Tinstall Tcheck Ttotal Status Flags
r-devel-linux-x86_64-debian-clang 2.0.2.1 9.39 256.07 265.46 OK
r-devel-linux-x86_64-debian-gcc 2.0.2.1 8.47 175.84 184.31 OK
r-devel-linux-x86_64-fedora-clang 2.0.2.1 324.31 OK
r-devel-linux-x86_64-fedora-gcc 2.0.2.1 293.20 OK
r-devel-windows-x86_64 2.0.2.1 18.00 253.00 271.00 OK
r-devel-windows-x86_64-gcc10-UCRT 2.0.2.1 OK
r-patched-linux-x86_64 2.0.2.1 9.50 217.42 226.92 OK
r-patched-solaris-x86 2.0.2.1 175.90 OK
r-release-linux-x86_64 2.0.2.1 8.96 216.46 225.42 OK
r-release-macos-arm64 2.0.2.1 WARN
r-release-macos-x86_64 2.0.2.1 ERROR
r-release-windows-ix86+x86_64 2.0.2.1 17.00 210.00 227.00 OK
r-oldrel-macos-x86_64 2.0.2.1 ERROR
r-oldrel-windows-ix86+x86_64 2.0.2.1 27.00 248.00 275.00 OK

Check Details

Version: 2.0.2.1
Check: re-building of vignette outputs
Result: WARN
    Error(s) in re-building vignettes:
     ...
    --- re-building ‘example.Rmd’ using rmarkdown
Flavor: r-release-macos-arm64

Version: 2.0.2.1
Check: package dependencies
Result: ERROR
    Package required but not available: ‘KEGGgraph’
    
    See section ‘The DESCRIPTION file’ in the ‘Writing R Extensions’
    manual.
Flavors: r-release-macos-x86_64, r-oldrel-macos-x86_64