CRAN Package Check Results for Package iNZightTS

Last updated on 2021-09-19 07:50:25 CEST.

Flavor Version Tinstall Tcheck Ttotal Status Flags
r-devel-linux-x86_64-debian-clang 1.5.8 7.00 105.50 112.50 OK
r-devel-linux-x86_64-debian-gcc 1.5.8 5.07 76.80 81.87 OK
r-devel-linux-x86_64-fedora-clang 1.5.8 136.03 OK
r-devel-linux-x86_64-fedora-gcc 1.5.8 125.16 OK
r-devel-windows-x86_64 1.5.8 8.00 136.00 144.00 OK
r-devel-windows-x86_64-gcc10-UCRT 1.5.8 ERROR
r-patched-linux-x86_64 1.5.8 5.56 98.88 104.44 OK
r-patched-solaris-x86 1.5.8 164.50 OK
r-release-linux-x86_64 1.5.8 5.57 99.20 104.77 OK
r-release-macos-arm64 1.5.8 OK
r-release-macos-x86_64 1.5.8 OK
r-release-windows-ix86+x86_64 1.5.8 15.00 93.00 108.00 OK
r-oldrel-macos-x86_64 1.5.8 OK
r-oldrel-windows-ix86+x86_64 1.5.8 17.00 95.00 112.00 OK

Check Details

Version: 1.5.8
Check: whether package can be installed
Result: WARN
    Found the following significant warnings:
     WARNING: installation-time patches will not be applied, could not get the patches index
Flavor: r-devel-windows-x86_64-gcc10-UCRT

Version: 1.5.8
Check: PDF version of manual
Result: WARN
    LaTeX errors when creating PDF version.
    This typically indicates Rd problems.
Flavor: r-devel-windows-x86_64-gcc10-UCRT

Version: 1.5.8
Check: PDF version of manual without hyperrefs or index
Result: ERROR
    Re-running with no redirection of stdout/stderr.
Flavor: r-devel-windows-x86_64-gcc10-UCRT