CRAN Package Check Results for Package ib

Last updated on 2021-12-05 09:49:58 CET.

Flavor Version Tinstall Tcheck Ttotal Status Flags
r-devel-linux-x86_64-debian-clang 0.1.0 16.91 105.94 122.85 NOTE
r-devel-linux-x86_64-debian-gcc 0.1.0 14.53 82.50 97.03 NOTE
r-devel-linux-x86_64-fedora-clang 0.1.0 150.96 NOTE
r-devel-linux-x86_64-fedora-gcc 0.1.0 138.57 NOTE
r-devel-windows-x86_64-new-UL 0.1.0 34.00 136.00 170.00 NOTE
r-devel-windows-x86_64-new-TK 0.1.0 NOTE
r-devel-windows-x86_64-old 0.1.0 27.00 86.00 113.00 NOTE
r-patched-linux-x86_64 0.1.0 13.07 98.07 111.14 NOTE
r-release-linux-x86_64 0.1.0 15.55 106.01 121.56 NOTE
r-release-macos-arm64 0.1.0 NOTE
r-release-macos-x86_64 0.1.0 NOTE
r-release-windows-ix86+x86_64 0.1.0 37.00 121.00 158.00 NOTE
r-oldrel-macos-x86_64 0.1.0 OK
r-oldrel-windows-ix86+x86_64 0.1.0 35.00 125.00 160.00 OK

Check Details

Version: 0.1.0
Check: LazyData
Result: NOTE
     'LazyData' is specified without a 'data' directory
Flavors: r-devel-linux-x86_64-debian-clang, r-devel-linux-x86_64-debian-gcc, r-devel-linux-x86_64-fedora-clang, r-devel-linux-x86_64-fedora-gcc, r-devel-windows-x86_64-new-UL, r-devel-windows-x86_64-new-TK, r-devel-windows-x86_64-old, r-patched-linux-x86_64, r-release-linux-x86_64, r-release-macos-arm64, r-release-macos-x86_64, r-release-windows-ix86+x86_64