CRAN Package Check Results for Package iccbeta

Last updated on 2021-09-19 04:53:05 CEST.

Flavor Version Tinstall Tcheck Ttotal Status Flags
r-devel-linux-x86_64-debian-clang 1.2.0 37.96 73.25 111.21 OK
r-devel-linux-x86_64-debian-gcc 1.2.0 27.04 57.96 85.00 OK
r-devel-linux-x86_64-fedora-clang 1.2.0 150.85 OK
r-devel-linux-x86_64-fedora-gcc 1.2.0 135.57 OK
r-devel-windows-x86_64 1.2.0 36.00 105.00 141.00 OK
r-devel-windows-x86_64-gcc10-UCRT 1.2.0 ERROR
r-patched-linux-x86_64 1.2.0 33.30 70.73 104.03 OK
r-patched-solaris-x86 1.2.0 165.80 OK
r-release-linux-x86_64 1.2.0 31.05 71.74 102.79 OK
r-release-macos-arm64 1.2.0 OK
r-release-macos-x86_64 1.2.0 OK
r-release-windows-ix86+x86_64 1.2.0 86.00 109.00 195.00 OK
r-oldrel-macos-x86_64 1.2.0 OK
r-oldrel-windows-ix86+x86_64 1.2.0 89.00 110.00 199.00 OK

Check Details

Version: 1.2.0
Check: whether package can be installed
Result: ERROR
    Installation failed.
Flavor: r-devel-windows-x86_64-gcc10-UCRT