CRAN Package Check Results for Package idbg

Last updated on 2021-08-05 16:49:14 CEST.

Flavor Version Tinstall Tcheck Ttotal Status Flags
r-devel-linux-x86_64-debian-clang 1.0 2.30 23.25 25.55 NOTE
r-devel-linux-x86_64-debian-gcc 1.0 1.88 18.85 20.73 NOTE
r-devel-linux-x86_64-fedora-clang 1.0 40.22 NOTE
r-devel-linux-x86_64-fedora-gcc 1.0 30.02 NOTE
r-devel-windows-x86_64 1.0 4.00 36.00 40.00 NOTE
r-devel-windows-x86_64-gcc10-UCRT 1.0 NOTE
r-patched-linux-x86_64 1.0 2.41 23.07 25.48 NOTE
r-patched-solaris-x86 1.0 44.60 NOTE
r-release-linux-x86_64 1.0 2.25 22.81 25.06 NOTE
r-release-macos-arm64 1.0 NOTE
r-release-macos-x86_64 1.0 NOTE
r-release-windows-ix86+x86_64 1.0 4.00 26.00 30.00 NOTE
r-oldrel-macos-x86_64 1.0 NOTE
r-oldrel-windows-ix86+x86_64 1.0 4.00 27.00 31.00 NOTE

Check Details

Version: 1.0
Check: DESCRIPTION meta-information
Result: NOTE
    Malformed Description field: should contain one or more complete sentences.
Flavors: r-devel-linux-x86_64-debian-clang, r-devel-linux-x86_64-debian-gcc, r-devel-linux-x86_64-fedora-clang, r-devel-linux-x86_64-fedora-gcc, r-devel-windows-x86_64, r-devel-windows-x86_64-gcc10-UCRT, r-patched-linux-x86_64, r-patched-solaris-x86, r-release-linux-x86_64, r-release-macos-arm64, r-release-macos-x86_64, r-release-windows-ix86+x86_64, r-oldrel-macos-x86_64, r-oldrel-windows-ix86+x86_64

Version: 1.0
Check: R code for possible problems
Result: NOTE
    NB: .First.lib is obsolete and will not be used in R >= 3.0.0
    
    idbg.interact: no visible global function definition for
     'capture.output'
    idbg.interact: no visible global function definition for 'timestamp'
    idbg.print_breakpoints: no visible global function definition for
     'capture.output'
    Undefined global functions or variables:
     capture.output timestamp
    Consider adding
     importFrom("utils", "capture.output", "timestamp")
    to your NAMESPACE file.
Flavors: r-devel-linux-x86_64-debian-clang, r-devel-linux-x86_64-debian-gcc, r-devel-linux-x86_64-fedora-clang, r-devel-linux-x86_64-fedora-gcc, r-devel-windows-x86_64, r-devel-windows-x86_64-gcc10-UCRT, r-patched-linux-x86_64, r-patched-solaris-x86, r-release-linux-x86_64, r-release-macos-arm64, r-release-macos-x86_64, r-release-windows-ix86+x86_64, r-oldrel-macos-x86_64, r-oldrel-windows-ix86+x86_64