CRAN Package Check Results for Package ihpdr

Last updated on 2024-07-13 16:48:18 CEST.

Flavor Version Tinstall Tcheck Ttotal Status Flags
r-devel-linux-x86_64-debian-clang 1.2.1 8.07 62.06 70.13 NOTE
r-devel-linux-x86_64-debian-gcc 1.2.1 5.04 46.68 51.72 NOTE
r-devel-linux-x86_64-fedora-clang 1.2.1 93.87 NOTE
r-devel-linux-x86_64-fedora-gcc 1.2.1 81.93 NOTE
r-devel-windows-x86_64 1.2.1 8.00 66.00 74.00 NOTE
r-patched-linux-x86_64 1.2.1 6.60 60.45 67.05 NOTE
r-release-linux-x86_64 1.2.1 4.23 58.80 63.03 NOTE
r-release-macos-arm64 1.2.1 38.00 NOTE
r-release-macos-x86_64 1.2.1 48.00 NOTE
r-release-windows-x86_64 1.2.1 8.00 65.00 73.00 NOTE
r-oldrel-macos-arm64 1.2.1 33.00 NOTE
r-oldrel-macos-x86_64 1.2.1 42.00 NOTE
r-oldrel-windows-x86_64 1.2.1 9.00 74.00 83.00 NOTE

Check Details

Version: 1.2.1
Check: LazyData
Result: NOTE 'LazyData' is specified without a 'data' directory Flavors: r-devel-linux-x86_64-debian-clang, r-devel-linux-x86_64-debian-gcc, r-devel-linux-x86_64-fedora-clang, r-devel-linux-x86_64-fedora-gcc, r-devel-windows-x86_64, r-patched-linux-x86_64, r-release-linux-x86_64, r-release-macos-arm64, r-release-macos-x86_64, r-release-windows-x86_64, r-oldrel-macos-arm64, r-oldrel-macos-x86_64, r-oldrel-windows-x86_64