CRAN Package Check Results for Package ijtiff

Last updated on 2021-10-16 13:52:27 CEST.

Flavor Version Tinstall Tcheck Ttotal Status Flags
r-devel-linux-x86_64-debian-clang 2.2.7 6.47 51.62 58.09 OK
r-devel-linux-x86_64-debian-gcc 2.2.7 4.76 40.23 44.99 OK
r-devel-linux-x86_64-fedora-clang 2.2.7 78.28 OK
r-devel-linux-x86_64-fedora-gcc 2.2.7 70.08 OK
r-devel-windows-x86_64 2.2.7 16.00 64.00 80.00 OK
r-devel-windows-x86_64-gcc10-UCRT 2.2.7 OK
r-patched-linux-x86_64 2.2.7 6.78 52.46 59.24 OK
r-patched-solaris-x86 2.2.7 110.40 OK
r-release-linux-x86_64 2.2.7 5.95 52.38 58.33 OK
r-release-macos-arm64 2.2.7 NOTE
r-release-macos-x86_64 2.2.7 NOTE
r-release-windows-ix86+x86_64 2.2.7 24.00 120.00 144.00 OK
r-oldrel-macos-x86_64 2.2.7 NOTE
r-oldrel-windows-ix86+x86_64 2.2.7 22.00 121.00 143.00 OK

Check Details

Version: 2.2.7
Check: installed package size
Result: NOTE
     installed size is 7.3Mb
     sub-directories of 1Mb or more:
     libs 5.4Mb
Flavors: r-release-macos-arm64, r-release-macos-x86_64, r-oldrel-macos-x86_64