CRAN Package Check Results for Package image.binarization

Last updated on 2021-09-22 01:48:48 CEST.

Flavor Version Tinstall Tcheck Ttotal Status Flags
r-devel-linux-x86_64-debian-clang 0.1.2 26.98 34.40 61.38 OK
r-devel-linux-x86_64-debian-gcc 0.1.2 16.27 26.31 42.58 OK
r-devel-linux-x86_64-fedora-clang 0.1.2 83.88 OK
r-devel-linux-x86_64-fedora-gcc 0.1.2 67.79 OK
r-devel-windows-x86_64 0.1.2 24.00 45.00 69.00 OK
r-devel-windows-x86_64-gcc10-UCRT 0.1.2 ERROR
r-patched-linux-x86_64 0.1.2 23.13 32.53 55.66 OK
r-release-linux-x86_64 0.1.2 20.11 32.55 52.66 OK
r-release-macos-arm64 0.1.2 OK
r-release-macos-x86_64 0.1.2 OK
r-release-windows-ix86+x86_64 0.1.2 60.00 63.00 123.00 OK
r-oldrel-macos-x86_64 0.1.2 OK
r-oldrel-windows-ix86+x86_64 0.1.2 60.00 71.00 131.00 OK

Check Details

Version: 0.1.2
Check: whether package can be installed
Result: ERROR
    Installation failed.
Flavor: r-devel-windows-x86_64-gcc10-UCRT