CRAN Package Check Results for Package imagefluency

Last updated on 2021-10-20 10:53:08 CEST.

Flavor Version Tinstall Tcheck Ttotal Status Flags
r-devel-linux-x86_64-debian-clang 0.2.3 3.07 39.00 42.07 OK
r-devel-linux-x86_64-debian-gcc 0.2.3 2.57 29.88 32.45 OK
r-devel-linux-x86_64-fedora-clang 0.2.3 61.59 NOTE
r-devel-linux-x86_64-fedora-gcc 0.2.3 50.74 OK
r-devel-windows-x86_64 0.2.3 8.00 94.00 102.00 OK
r-devel-windows-x86_64-gcc10-UCRT 0.2.3 OK
r-patched-linux-x86_64 0.2.3 2.79 37.41 40.20 OK
r-patched-solaris-x86 0.2.3 79.00 OK
r-release-linux-x86_64 0.2.3 2.97 38.17 41.14 OK
r-release-macos-arm64 0.2.3 OK
r-release-macos-x86_64 0.2.3 OK
r-release-windows-ix86+x86_64 0.2.3 6.00 77.00 83.00 OK
r-oldrel-macos-x86_64 0.2.3 OK
r-oldrel-windows-ix86+x86_64 0.2.3 9.00 89.00 98.00 OK

Check Details

Version: 0.2.3
Check: Rd cross-references
Result: NOTE
    Undeclared packages ‘bmp’, ‘jpeg’, ‘png’, ‘tiff’ in Rd xrefs
Flavor: r-devel-linux-x86_64-fedora-clang